CRAN Package Check Results for Package radiant

Last updated on 2024-07-12 21:50:09 CEST.

Flavor Version Tinstall Tcheck Ttotal Status Flags
r-devel-linux-x86_64-debian-clang 1.6.6 17.59 181.27 198.86 OK
r-devel-linux-x86_64-debian-gcc 1.6.6 13.92 136.62 150.54 OK
r-devel-linux-x86_64-fedora-clang 1.6.6 258.25 NOTE
r-devel-linux-x86_64-fedora-gcc 1.6.6 267.46 OK
r-devel-windows-x86_64 1.6.6 19.00 146.00 165.00 OK
r-patched-linux-x86_64 1.6.6 16.28 175.65 191.93 OK
r-release-linux-x86_64 1.6.6 15.02 175.16 190.18 OK
r-release-macos-arm64 1.6.6 52.00 OK
r-release-macos-x86_64 1.6.6 110.00 OK
r-release-windows-x86_64 1.6.6 17.00 145.00 162.00 OK
r-oldrel-macos-arm64 1.6.6 61.00 OK
r-oldrel-macos-x86_64 1.6.6 95.00 OK
r-oldrel-windows-x86_64 1.6.6 16.00 177.00 193.00 OK

Check Details

Version: 1.6.6
Check: installed package size
Result: NOTE installed size is 5.0Mb sub-directories of 1Mb or more: doc 4.9Mb Flavor: r-devel-linux-x86_64-fedora-clang