CRAN Package Check Results for Package radix

Last updated on 2021-11-27 19:49:45 CET.

Flavor Version Tinstall Tcheck Ttotal Status Flags
r-devel-linux-x86_64-debian-clang 0.6 NOTE
r-devel-linux-x86_64-debian-gcc 0.6 4.18 33.76 37.94 NOTE
r-devel-linux-x86_64-fedora-clang 0.6 69.98 NOTE
r-devel-linux-x86_64-fedora-gcc 0.6 60.13 NOTE
r-devel-windows-x86_64-new-UL 0.6 15.00 87.00 102.00 ERROR
r-devel-windows-x86_64-new-TK 0.6 ERROR
r-devel-windows-x86_64-old 0.6 7.00 59.00 66.00 NOTE
r-patched-linux-x86_64 0.6 10.63 41.89 52.52 NOTE
r-patched-solaris-x86 0.6 81.10 NOTE
r-release-linux-x86_64 0.6 NOTE
r-release-macos-arm64 0.6 NOTE
r-release-macos-x86_64 0.6 NOTE
r-release-windows-ix86+x86_64 0.6 10.00 44.00 54.00 NOTE
r-oldrel-macos-x86_64 0.6 OK
r-oldrel-windows-ix86+x86_64 0.6 10.00 57.00 67.00 OK

Check Details

Version: 0.6
Check: LazyData
Result: NOTE
     'LazyData' is specified without a 'data' directory
Flavors: r-devel-linux-x86_64-debian-clang, r-devel-linux-x86_64-debian-gcc, r-devel-linux-x86_64-fedora-clang, r-devel-linux-x86_64-fedora-gcc, r-devel-windows-x86_64-new-UL, r-devel-windows-x86_64-new-TK, r-devel-windows-x86_64-old, r-patched-linux-x86_64, r-patched-solaris-x86, r-release-linux-x86_64, r-release-macos-arm64, r-release-macos-x86_64, r-release-windows-ix86+x86_64

Version: 0.6
Check: tests
Result: ERROR
     Running 'testthat.R' [8s]
    Running the tests in 'tests/testthat.R' failed.
    Complete output:
     > library(testthat)
     > library(radix)
     >
     > test_check("radix")
     ordinary text without R code
    
     label: setup (with options)
     List of 1
     $ include: logi FALSE
    
     ordinary text without R code
    
     "C:/PROGRA~1/Pandoc/pandoc" +RTS -K512m -RTS welcome.knit.md --to html5 --from markdown+autolink_bare_uris+tex_math_single_backslash --output welcome.html --lua-filter "D:\RCompile\CRANpkg\lib\4.2\rmarkdown\rmarkdown\lua\pagebreak.lua" --lua-filter "D:\RCompile\CRANpkg\lib\4.2\rmarkdown\rmarkdown\lua\latex-div.lua" --standalone --no-highlight --template "D:\RCompile\CRANpkg\lib\4.2\radix\rmarkdown\templates\radix_article\resources\default.html" --lua-filter "D:\RCompile\CRANpkg\lib\4.2\radix\rmarkdown\templates\radix_article\resources\distill.lua" "--metadata=link-citations:true" --include-in-header "D:\temp\RtmpWQqpbV\file1dc1415e823fhtml" --include-in-header "D:\temp\RtmpWQqpbV\file1dc143663c76html" --include-in-header "D:\temp\RtmpWQqpbV\file1dc144b7448c0html" --include-in-header "D:\temp\RtmpWQqpbV\file1dc1424af393html" --include-in-header "D:\temp\RtmpWQqpbV\file1dc146df2660html" --include-before-body "D:\temp\RtmpWQqpbV\file1dc14719d3e3ahtml" --include-before-body "D:\temp\RtmpWQqpbV\file1dc1461dc7f34html" --include-before-body "D:\temp\RtmpWQqpbV\file1dc145db14f8dhtml" --include-after-body "D:\temp\RtmpWQqpbV\file1dc145348250ehtml" --include-after-body "D:\temp\RtmpWQqpbV\file1dc1451d76e99html" --include-after-body "D:\temp\RtmpWQqpbV\file1dc142f9c52fchtml" --include-in-header "D:\temp\RtmpWQqpbV\rmarkdown-str1dc144cba1780.html" --mathjax --variable "mathjax-url:https://mathjax.rstudio.com/latest/MathJax.js?config=TeX-AMS-MML_HTMLorMML" --include-in-header "D:\temp\RtmpWQqpbV\file1dc1441ff73cdhtml"
     ordinary text without R code
    
     label: setup (with options)
     List of 1
     $ include: logi FALSE
    
     "C:/PROGRA~1/Pandoc/pandoc" +RTS -K512m -RTS about.knit.md --to html5 --from markdown+autolink_bare_uris+tex_math_single_backslash --output about.html --lua-filter "D:\RCompile\CRANpkg\lib\4.2\rmarkdown\rmarkdown\lua\pagebreak.lua" --lua-filter "D:\RCompile\CRANpkg\lib\4.2\rmarkdown\rmarkdown\lua\latex-div.lua" --standalone --no-highlight --template "D:\RCompile\CRANpkg\lib\4.2\radix\rmarkdown\templates\radix_article\resources\default.html" --lua-filter "D:\RCompile\CRANpkg\lib\4.2\radix\rmarkdown\templates\radix_article\resources\distill.lua" "--metadata=link-citations:true" --include-in-header "D:\temp\RtmpWQqpbV\file1dc1444de43e6html" --include-in-header "D:\temp\RtmpWQqpbV\file1dc14740d71d0html" --include-in-header "D:\temp\RtmpWQqpbV\file1dc146cf53dfhtml" --include-in-header "D:\temp\RtmpWQqpbV\file1dc14202b4d16html" --include-before-body "D:\temp\RtmpWQqpbV\file1dc1457ea2b9chtml" --include-before-body "D:\temp\RtmpWQqpbV\file1dc146db5110chtml" --include-before-body "D:\temp\RtmpWQqpbV\file1dc1471638fbhtml" --include-after-body "D:\temp\RtmpWQqpbV\file1dc14431551efhtml" --include-after-body "D:\temp\RtmpWQqpbV\file1dc14fd26701html" --include-after-body "D:\temp\RtmpWQqpbV\file1dc1479dd2794html" --include-in-header "D:\temp\RtmpWQqpbV\rmarkdown-str1dc142b575cb.html" --mathjax --variable "mathjax-url:https://mathjax.rstudio.com/latest/MathJax.js?config=TeX-AMS-MML_HTMLorMML" --include-in-header "D:\temp\RtmpWQqpbV\file1dc14412829a1html"
     ordinary text without R code
    
     NOTE: Not creating feed for posts (no base_url defined for site)
    
     "C:/PROGRA~1/Pandoc/pandoc" +RTS -K512m -RTS index.knit.md --to html5 --from markdown+autolink_bare_uris+tex_math_single_backslash --output index.html --lua-filter "D:\RCompile\CRANpkg\lib\4.2\rmarkdown\rmarkdown\lua\pagebreak.lua" --lua-filter "D:\RCompile\CRANpkg\lib\4.2\rmarkdown\rmarkdown\lua\latex-div.lua" --standalone --no-highlight --template "D:\RCompile\CRANpkg\lib\4.2\radix\rmarkdown\templates\radix_article\resources\default.html" --lua-filter "D:\RCompile\CRANpkg\lib\4.2\radix\rmarkdown\templates\radix_article\resources\distill.lua" "--metadata=link-citations:true" --variable layout=listing --include-in-header "D:\temp\RtmpWQqpbV\file1dc1459b5386chtml" --include-in-header "D:\temp\RtmpWQqpbV\file1dc14eca65d1html" --include-in-header "D:\temp\RtmpWQqpbV\file1dc147ab53bhtml" --include-in-header "D:\temp\RtmpWQqpbV\file1dc1448b85996html" --include-before-body "D:\temp\RtmpWQqpbV\file1dc1474a233efhtml" --include-before-body "D:\temp\RtmpWQqpbV\file1dc147c66f1html" --include-before-body "D:\temp\RtmpWQqpbV\file1dc1439537961html" --include-before-body "D:\temp\RtmpWQqpbV\file1dc146d754f2html" --include-after-body "D:\temp\RtmpWQqpbV\file1dc144e9480chtml" --include-after-body "D:\temp\RtmpWQqpbV\file1dc144a0d552ahtml" --include-after-body "D:\temp\RtmpWQqpbV\file1dc143099be1html" --include-in-header "D:\temp\RtmpWQqpbV\rmarkdown-str1dc141e5d60ca.html" --mathjax --variable "mathjax-url:https://mathjax.rstudio.com/latest/MathJax.js?config=TeX-AMS-MML_HTMLorMML" --include-in-header "D:\temp\RtmpWQqpbV\file1dc14408c3fa2html"
    
     Processing posts:
     D:/temp/RtmpWQqpbV/file1dc143f17f9b/testblog/_posts/welcome
     ordinary text without R code
    
     label: setup (with options)
     List of 1
     $ include: logi FALSE
    
     ordinary text without R code
    
     "C:/PROGRA~1/Pandoc/pandoc" +RTS -K512m -RTS about.knit.md --to html5 --from markdown+autolink_bare_uris+tex_math_single_backslash --output about.html --lua-filter "D:\RCompile\CRANpkg\lib\4.2\rmarkdown\rmarkdown\lua\pagebreak.lua" --lua-filter "D:\RCompile\CRANpkg\lib\4.2\rmarkdown\rmarkdown\lua\latex-div.lua" --standalone --no-highlight --template "D:\RCompile\CRANpkg\lib\4.2\radix\rmarkdown\templates\radix_article\resources\default.html" --lua-filter "D:\RCompile\CRANpkg\lib\4.2\radix\rmarkdown\templates\radix_article\resources\distill.lua" "--metadata=link-citations:true" --include-in-header "D:\temp\RtmpWQqpbV\file1dc1421712ac1html" --include-in-header "D:\temp\RtmpWQqpbV\file1dc14481d22b5html" --include-in-header "D:\temp\RtmpWQqpbV\file1dc1421345bfdhtml" --include-in-header "D:\temp\RtmpWQqpbV\file1dc1469d540edhtml" --include-before-body "D:\temp\RtmpWQqpbV\file1dc142cbe145bhtml" --include-before-body "D:\temp\RtmpWQqpbV\file1dc141ef244a4html" --include-before-body "D:\temp\RtmpWQqpbV\file1dc14775a1a74html" --include-after-body "D:\temp\RtmpWQqpbV\file1dc146c966654html" --include-after-body "D:\temp\RtmpWQqpbV\file1dc14165573b5html" --include-after-body "D:\temp\RtmpWQqpbV\file1dc1476873568html" --include-in-header "D:\temp\RtmpWQqpbV\rmarkdown-str1dc1450d97e95.html" --mathjax --variable "mathjax-url:https://mathjax.rstudio.com/latest/MathJax.js?config=TeX-AMS-MML_HTMLorMML" --include-in-header "D:\temp\RtmpWQqpbV\file1dc146b5f74b4html"
     ordinary text without R code
    
     label: setup (with options)
     List of 1
     $ include: logi FALSE
    
     ordinary text without R code
    
     "C:/PROGRA~1/Pandoc/pandoc" +RTS -K512m -RTS index.knit.md --to html5 --from markdown+autolink_bare_uris+tex_math_single_backslash --output index.html --lua-filter "D:\RCompile\CRANpkg\lib\4.2\rmarkdown\rmarkdown\lua\pagebreak.lua" --lua-filter "D:\RCompile\CRANpkg\lib\4.2\rmarkdown\rmarkdown\lua\latex-div.lua" --standalone --no-highlight --template "D:\RCompile\CRANpkg\lib\4.2\radix\rmarkdown\templates\radix_article\resources\default.html" --lua-filter "D:\RCompile\CRANpkg\lib\4.2\radix\rmarkdown\templates\radix_article\resources\distill.lua" "--metadata=link-citations:true" --include-in-header "D:\temp\RtmpWQqpbV\file1dc141b7069fhtml" --include-in-header "D:\temp\RtmpWQqpbV\file1dc14399ae13html" --include-in-header "D:\temp\RtmpWQqpbV\file1dc141aee694ehtml" --include-in-header "D:\temp\RtmpWQqpbV\file1dc14218333d4html" --include-before-body "D:\temp\RtmpWQqpbV\file1dc1469db2a40html" --include-before-body "D:\temp\RtmpWQqpbV\file1dc1457447006html" --include-before-body "D:\temp\RtmpWQqpbV\file1dc1475821a38html" --include-after-body "D:\temp\RtmpWQqpbV\file1dc144c00ca1html" --include-after-body "D:\temp\RtmpWQqpbV\file1dc1447ba409fhtml" --include-after-body "D:\temp\RtmpWQqpbV\file1dc14595b4bf3html" --include-in-header "D:\temp\RtmpWQqpbV\rmarkdown-str1dc1411616edb.html" --mathjax --variable "mathjax-url:https://mathjax.rstudio.com/latest/MathJax.js?config=TeX-AMS-MML_HTMLorMML" --include-in-header "D:\temp\RtmpWQqpbV\file1dc1412436c32html"
     ══ Failed tests ════════════════════════════════════════════════════════════════
     ── Failure (test-blog.R:16:3): blogs can be created ────────────────────────────
     `{ ... }` threw an error.
     Message: more 'from' files than 'to' files
     Class: simpleError/error/condition
     Backtrace:
     █
     1. ├─testthat::expect_error(...) test-blog.R:16:2
     2. │ └─testthat:::quasi_capture(...)
     3. │ ├─testthat:::.capture(...)
     4. │ │ └─base::withCallingHandlers(...)
     5. │ └─rlang::eval_bare(quo_get_expr(.quo), quo_get_env(.quo))
     6. └─radix::create_blog(blog_path, "Test Blog", edit = FALSE) test-blog.R:17:4
     7. └─radix:::render_website(dir, "blog")
     8. └─rmarkdown::render_site(dir)
     9. └─generator$render(...)
     10. └─radix:::render_collections(input, config, collections, quiet)
     11. └─base::lapply(...)
     12. └─radix:::FUN(X[[i]], ...)
     13. └─radix:::render_collection(...)
     14. └─base::lapply(...)
     15. └─radix:::FUN(X[[i]], ...)
     16. └─radix:::render_collection_article(...)
     17. └─base::file.copy(...)
    
     [ FAIL 1 | WARN 8 | SKIP 0 | PASS 3 ]
     Error: Test failures
     Execution halted
Flavor: r-devel-windows-x86_64-new-UL

Version: 0.6
Check: tests
Result: ERROR
     Running 'testthat.R'
    Running the tests in 'tests/testthat.R' failed.
    Complete output:
     > library(testthat)
     > library(radix)
     >
     > test_check("radix")
     ordinary text without R code
    
     label: setup (with options)
     List of 1
     $ include: logi FALSE
    
     ordinary text without R code
    
     "C:/PROGRA~1/Pandoc/pandoc" +RTS -K512m -RTS welcome.knit.md --to html5 --from markdown+autolink_bare_uris+tex_math_single_backslash --output welcome.html --lua-filter "C:\r_packages\pkgcheck\lib\rmarkdown\rmarkdown\lua\pagebreak.lua" --lua-filter "C:\r_packages\pkgcheck\lib\rmarkdown\rmarkdown\lua\latex-div.lua" --standalone --no-highlight --template "C:\r_packages\pkgcheck\CRAN\radix\radix.Rcheck\radix\rmarkdown\templates\radix_article\resources\default.html" --lua-filter "C:\r_packages\pkgcheck\CRAN\radix\radix.Rcheck\radix\rmarkdown\templates\radix_article\resources\distill.lua" "--metadata=link-citations:true" --include-in-header "C:\r_packages\pkgcheck\CRAN\radix\tmp\RtmpohITMl\fileb4a051b164ebhtml" --include-in-header "C:\r_packages\pkgcheck\CRAN\radix\tmp\RtmpohITMl\fileb4a0371f504dhtml" --include-in-header "C:\r_packages\pkgcheck\CRAN\radix\tmp\RtmpohITMl\fileb4a041361215html" --include-in-header "C:\r_packages\pkgcheck\CRAN\radix\tmp\RtmpohITMl\fileb4a01afe159chtml" --include-in-header "C:\r_packages\pkgcheck\CRAN\radix\tmp\RtmpohITMl\fileb4a0607a4b4bhtml" --include-before-body "C:\r_packages\pkgcheck\CRAN\radix\tmp\RtmpohITMl\fileb4a0d65385ahtml" --include-before-body "C:\r_packages\pkgcheck\CRAN\radix\tmp\RtmpohITMl\fileb4a03d4f6fhtml" --include-before-body "C:\r_packages\pkgcheck\CRAN\radix\tmp\RtmpohITMl\fileb4a0576d19behtml" --include-after-body "C:\r_packages\pkgcheck\CRAN\radix\tmp\RtmpohITMl\fileb4a070d31601html" --include-after-body "C:\r_packages\pkgcheck\CRAN\radix\tmp\RtmpohITMl\fileb4a066936462html" --include-after-body "C:\r_packages\pkgcheck\CRAN\radix\tmp\RtmpohITMl\fileb4a07b4e4e93html" --include-in-header "C:\r_packages\pkgcheck\CRAN\radix\tmp\RtmpohITMl\rmarkdown-strb4a039337599.html" --mathjax --variable "mathjax-url:https://mathjax.rstudio.com/latest/MathJax.js?config=TeX-AMS-MML_HTMLorMML" --include-in-header "C:\r_packages\pkgcheck\CRAN\radix\tmp\RtmpohITMl\fileb4a0628c7b22html"
     ordinary text without R code
    
     label: setup (with options)
     List of 1
     $ include: logi FALSE
    
     "C:/PROGRA~1/Pandoc/pandoc" +RTS -K512m -RTS about.knit.md --to html5 --from markdown+autolink_bare_uris+tex_math_single_backslash --output about.html --lua-filter "C:\r_packages\pkgcheck\lib\rmarkdown\rmarkdown\lua\pagebreak.lua" --lua-filter "C:\r_packages\pkgcheck\lib\rmarkdown\rmarkdown\lua\latex-div.lua" --standalone --no-highlight --template "C:\r_packages\pkgcheck\CRAN\radix\radix.Rcheck\radix\rmarkdown\templates\radix_article\resources\default.html" --lua-filter "C:\r_packages\pkgcheck\CRAN\radix\radix.Rcheck\radix\rmarkdown\templates\radix_article\resources\distill.lua" "--metadata=link-citations:true" --include-in-header "C:\r_packages\pkgcheck\CRAN\radix\tmp\RtmpohITMl\fileb4a08c07889html" --include-in-header "C:\r_packages\pkgcheck\CRAN\radix\tmp\RtmpohITMl\fileb4a075744a6html" --include-in-header "C:\r_packages\pkgcheck\CRAN\radix\tmp\RtmpohITMl\fileb4a0167c7de8html" --include-in-header "C:\r_packages\pkgcheck\CRAN\radix\tmp\RtmpohITMl\fileb4a055396849html" --include-before-body "C:\r_packages\pkgcheck\CRAN\radix\tmp\RtmpohITMl\fileb4a05c6e894html" --include-before-body "C:\r_packages\pkgcheck\CRAN\radix\tmp\RtmpohITMl\fileb4a02ed241cehtml" --include-before-body "C:\r_packages\pkgcheck\CRAN\radix\tmp\RtmpohITMl\fileb4a0306d108fhtml" --include-after-body "C:\r_packages\pkgcheck\CRAN\radix\tmp\RtmpohITMl\fileb4a02e54346html" --include-after-body "C:\r_packages\pkgcheck\CRAN\radix\tmp\RtmpohITMl\fileb4a0d33518ahtml" --include-after-body "C:\r_packages\pkgcheck\CRAN\radix\tmp\RtmpohITMl\fileb4a01d00730bhtml" --include-in-header "C:\r_packages\pkgcheck\CRAN\radix\tmp\RtmpohITMl\rmarkdown-strb4a0439c5ad8.html" --mathjax --variable "mathjax-url:https://mathjax.rstudio.com/latest/MathJax.js?config=TeX-AMS-MML_HTMLorMML" --include-in-header "C:\r_packages\pkgcheck\CRAN\radix\tmp\RtmpohITMl\fileb4a07d2d621ahtml"
     ordinary text without R code
    
     NOTE: Not creating feed for posts (no base_url defined for site)
    
     "C:/PROGRA~1/Pandoc/pandoc" +RTS -K512m -RTS index.knit.md --to html5 --from markdown+autolink_bare_uris+tex_math_single_backslash --output index.html --lua-filter "C:\r_packages\pkgcheck\lib\rmarkdown\rmarkdown\lua\pagebreak.lua" --lua-filter "C:\r_packages\pkgcheck\lib\rmarkdown\rmarkdown\lua\latex-div.lua" --standalone --no-highlight --template "C:\r_packages\pkgcheck\CRAN\radix\radix.Rcheck\radix\rmarkdown\templates\radix_article\resources\default.html" --lua-filter "C:\r_packages\pkgcheck\CRAN\radix\radix.Rcheck\radix\rmarkdown\templates\radix_article\resources\distill.lua" "--metadata=link-citations:true" --variable layout=listing --include-in-header "C:\r_packages\pkgcheck\CRAN\radix\tmp\RtmpohITMl\fileb4a04f3c1087html" --include-in-header "C:\r_packages\pkgcheck\CRAN\radix\tmp\RtmpohITMl\fileb4a0686857chtml" --include-in-header "C:\r_packages\pkgcheck\CRAN\radix\tmp\RtmpohITMl\fileb4a0178637b0html" --include-in-header "C:\r_packages\pkgcheck\CRAN\radix\tmp\RtmpohITMl\fileb4a036eb57a1html" --include-before-body "C:\r_packages\pkgcheck\CRAN\radix\tmp\RtmpohITMl\fileb4a067263ef0html" --include-before-body "C:\r_packages\pkgcheck\CRAN\radix\tmp\RtmpohITMl\fileb4a0af457e5html" --include-before-body "C:\r_packages\pkgcheck\CRAN\radix\tmp\RtmpohITMl\fileb4a06f375d95html" --include-before-body "C:\r_packages\pkgcheck\CRAN\radix\tmp\RtmpohITMl\fileb4a063272c8html" --include-after-body "C:\r_packages\pkgcheck\CRAN\radix\tmp\RtmpohITMl\fileb4a05e4c76f2html" --include-after-body "C:\r_packages\pkgcheck\CRAN\radix\tmp\RtmpohITMl\fileb4a05eed4f53html" --include-after-body "C:\r_packages\pkgcheck\CRAN\radix\tmp\RtmpohITMl\fileb4a035d403ehtml" --include-in-header "C:\r_packages\pkgcheck\CRAN\radix\tmp\RtmpohITMl\rmarkdown-strb4a012ab7e7a.html" --mathjax --variable "mathjax-url:https://mathjax.rstudio.com/latest/MathJax.js?config=TeX-AMS-MML_HTMLorMML" --include-in-header "C:\r_packages\pkgcheck\CRAN\radix\tmp\RtmpohITMl\fileb4a0654ecaehtml"
    
     Processing posts:
     C:/r_packages/pkgcheck/CRAN/radix/tmp/RtmpohITMl/fileb4a0315f14a0/testblog/_posts/welcome
     ordinary text without R code
    
     label: setup (with options)
     List of 1
     $ include: logi FALSE
    
     ordinary text without R code
    
     "C:/PROGRA~1/Pandoc/pandoc" +RTS -K512m -RTS about.knit.md --to html5 --from markdown+autolink_bare_uris+tex_math_single_backslash --output about.html --lua-filter "C:\r_packages\pkgcheck\lib\rmarkdown\rmarkdown\lua\pagebreak.lua" --lua-filter "C:\r_packages\pkgcheck\lib\rmarkdown\rmarkdown\lua\latex-div.lua" --standalone --no-highlight --template "C:\r_packages\pkgcheck\CRAN\radix\radix.Rcheck\radix\rmarkdown\templates\radix_article\resources\default.html" --lua-filter "C:\r_packages\pkgcheck\CRAN\radix\radix.Rcheck\radix\rmarkdown\templates\radix_article\resources\distill.lua" "--metadata=link-citations:true" --include-in-header "C:\r_packages\pkgcheck\CRAN\radix\tmp\RtmpohITMl\fileb4a07d6150b4html" --include-in-header "C:\r_packages\pkgcheck\CRAN\radix\tmp\RtmpohITMl\fileb4a06854864html" --include-in-header "C:\r_packages\pkgcheck\CRAN\radix\tmp\RtmpohITMl\fileb4a0486a4ad9html" --include-in-header "C:\r_packages\pkgcheck\CRAN\radix\tmp\RtmpohITMl\fileb4a07ddb3c7dhtml" --include-before-body "C:\r_packages\pkgcheck\CRAN\radix\tmp\RtmpohITMl\fileb4a0606e752bhtml" --include-before-body "C:\r_packages\pkgcheck\CRAN\radix\tmp\RtmpohITMl\fileb4a0386c60bfhtml" --include-before-body "C:\r_packages\pkgcheck\CRAN\radix\tmp\RtmpohITMl\fileb4a01e4dab8html" --include-after-body "C:\r_packages\pkgcheck\CRAN\radix\tmp\RtmpohITMl\fileb4a0b4940d7html" --include-after-body "C:\r_packages\pkgcheck\CRAN\radix\tmp\RtmpohITMl\fileb4a0678f77ebhtml" --include-after-body "C:\r_packages\pkgcheck\CRAN\radix\tmp\RtmpohITMl\fileb4a04af36bb7html" --include-in-header "C:\r_packages\pkgcheck\CRAN\radix\tmp\RtmpohITMl\rmarkdown-strb4a0c557b56.html" --mathjax --variable "mathjax-url:https://mathjax.rstudio.com/latest/MathJax.js?config=TeX-AMS-MML_HTMLorMML" --include-in-header "C:\r_packages\pkgcheck\CRAN\radix\tmp\RtmpohITMl\fileb4a05d17d93html"
     ordinary text without R code
    
     label: setup (with options)
     List of 1
     $ include: logi FALSE
    
     ordinary text without R code
    
     "C:/PROGRA~1/Pandoc/pandoc" +RTS -K512m -RTS index.knit.md --to html5 --from markdown+autolink_bare_uris+tex_math_single_backslash --output index.html --lua-filter "C:\r_packages\pkgcheck\lib\rmarkdown\rmarkdown\lua\pagebreak.lua" --lua-filter "C:\r_packages\pkgcheck\lib\rmarkdown\rmarkdown\lua\latex-div.lua" --standalone --no-highlight --template "C:\r_packages\pkgcheck\CRAN\radix\radix.Rcheck\radix\rmarkdown\templates\radix_article\resources\default.html" --lua-filter "C:\r_packages\pkgcheck\CRAN\radix\radix.Rcheck\radix\rmarkdown\templates\radix_article\resources\distill.lua" "--metadata=link-citations:true" --include-in-header "C:\r_packages\pkgcheck\CRAN\radix\tmp\RtmpohITMl\fileb4a0b186002html" --include-in-header "C:\r_packages\pkgcheck\CRAN\radix\tmp\RtmpohITMl\fileb4a07ab249ddhtml" --include-in-header "C:\r_packages\pkgcheck\CRAN\radix\tmp\RtmpohITMl\fileb4a05d787174html" --include-in-header "C:\r_packages\pkgcheck\CRAN\radix\tmp\RtmpohITMl\fileb4a06957a4ehtml" --include-before-body "C:\r_packages\pkgcheck\CRAN\radix\tmp\RtmpohITMl\fileb4a05c776919html" --include-before-body "C:\r_packages\pkgcheck\CRAN\radix\tmp\RtmpohITMl\fileb4a07add5ecfhtml" --include-before-body "C:\r_packages\pkgcheck\CRAN\radix\tmp\RtmpohITMl\fileb4a03bf85422html" --include-after-body "C:\r_packages\pkgcheck\CRAN\radix\tmp\RtmpohITMl\fileb4a0502a75b7html" --include-after-body "C:\r_packages\pkgcheck\CRAN\radix\tmp\RtmpohITMl\fileb4a034a65772html" --include-after-body "C:\r_packages\pkgcheck\CRAN\radix\tmp\RtmpohITMl\fileb4a08205f13html" --include-in-header "C:\r_packages\pkgcheck\CRAN\radix\tmp\RtmpohITMl\rmarkdown-strb4a075f28a8.html" --mathjax --variable "mathjax-url:https://mathjax.rstudio.com/latest/MathJax.js?config=TeX-AMS-MML_HTMLorMML" --include-in-header "C:\r_packages\pkgcheck\CRAN\radix\tmp\RtmpohITMl\fileb4a073567ba3html"
     ══ Failed tests ════════════════════════════════════════════════════════════════
     ── Failure (test-blog.R:16:3): blogs can be created ────────────────────────────
     `{ ... }` threw an error.
     Message: more 'from' files than 'to' files
     Class: simpleError/error/condition
     Backtrace:
     █
     1. ├─testthat::expect_error(...) test-blog.R:16:2
     2. │ └─testthat:::quasi_capture(...)
     3. │ ├─testthat:::.capture(...)
     4. │ │ └─base::withCallingHandlers(...)
     5. │ └─rlang::eval_bare(quo_get_expr(.quo), quo_get_env(.quo))
     6. └─radix::create_blog(blog_path, "Test Blog", edit = FALSE) test-blog.R:17:4
     7. └─radix:::render_website(dir, "blog")
     8. └─rmarkdown::render_site(dir)
     9. └─generator$render(...)
     10. └─radix:::render_collections(input, config, collections, quiet)
     11. └─base::lapply(...)
     12. └─radix:::FUN(X[[i]], ...)
     13. └─radix:::render_collection(...)
     14. └─base::lapply(...)
     15. └─radix:::FUN(X[[i]], ...)
     16. └─radix:::render_collection_article(...)
     17. └─base::file.copy(...)
    
     [ FAIL 1 | WARN 8 | SKIP 0 | PASS 3 ]
     Error: Test failures
     Execution halted
Flavor: r-devel-windows-x86_64-new-TK