CRAN Package Check Results for Package rags2ridges

Last updated on 2024-02-29 20:05:37 CET.

Flavor Version Tinstall Tcheck Ttotal Status Flags
r-devel-linux-x86_64-debian-clang 2.2.7 71.76 289.95 361.71 OK
r-devel-linux-x86_64-debian-gcc 2.2.7 56.46 213.12 269.58 OK
r-devel-linux-x86_64-fedora-clang 2.2.7 436.74 OK
r-devel-linux-x86_64-fedora-gcc 2.2.7 442.30 OK
r-devel-windows-x86_64 2.2.7 55.00 244.00 299.00 OK
r-patched-linux-x86_64 2.2.7 58.48 281.41 339.89 OK
r-release-linux-x86_64 2.2.7 48.91 278.56 327.47 OK
r-release-macos-arm64 2.2.7 117.00 NOTE
r-release-macos-x86_64 2.2.7 286.00 NOTE
r-release-windows-x86_64 2.2.7 70.00 316.00 386.00 OK
r-oldrel-macos-arm64 2.2.7 112.00 NOTE
r-oldrel-windows-x86_64 2.2.7 69.00 299.00 368.00 OK

Check Details

Version: 2.2.7
Check: installed package size
Result: NOTE installed size is 5.8Mb sub-directories of 1Mb or more: libs 4.6Mb Flavors: r-release-macos-arm64, r-release-macos-x86_64, r-oldrel-macos-arm64