CRAN Package Check Results for Package rakeR

Last updated on 2022-01-25 19:50:42 CET.

Flavor Version Tinstall Tcheck Ttotal Status Flags
r-devel-linux-x86_64-debian-clang 0.2.1 2.00 42.06 44.06 NOTE
r-devel-linux-x86_64-debian-gcc 0.2.1 1.66 32.72 34.38 NOTE
r-devel-linux-x86_64-fedora-clang 0.2.1 53.01 NOTE
r-devel-linux-x86_64-fedora-gcc 0.2.1 41.40 NOTE
r-devel-windows-x86_64-new-UL 0.2.1 24.00 68.00 92.00 NOTE
r-devel-windows-x86_64-new-TK 0.2.1 NOTE
r-patched-linux-x86_64 0.2.1 1.84 39.72 41.56 NOTE
r-release-linux-x86_64 0.2.1 2.25 40.10 42.35 NOTE
r-release-macos-arm64 0.2.1 NOTE
r-release-macos-x86_64 0.2.1 NOTE
r-release-windows-ix86+x86_64 0.2.1 5.00 56.00 61.00 NOTE
r-oldrel-macos-x86_64 0.2.1 OK
r-oldrel-windows-ix86+x86_64 0.2.1 6.00 54.00 60.00 OK

Check Details

Version: 0.2.1
Check: LazyData
Result: NOTE
     'LazyData' is specified without a 'data' directory
Flavors: r-devel-linux-x86_64-debian-clang, r-devel-linux-x86_64-debian-gcc, r-devel-linux-x86_64-fedora-clang, r-devel-linux-x86_64-fedora-gcc, r-devel-windows-x86_64-new-UL, r-devel-windows-x86_64-new-TK, r-patched-linux-x86_64, r-release-linux-x86_64, r-release-macos-arm64, r-release-macos-x86_64, r-release-windows-ix86+x86_64