CRAN Package Check Results for Package randgeo

Last updated on 2021-11-30 19:51:33 CET.

Flavor Version Tinstall Tcheck Ttotal Status Flags
r-devel-linux-x86_64-debian-clang 0.3.0 2.20 25.71 27.91 NOTE
r-devel-linux-x86_64-debian-gcc 0.3.0 1.82 20.37 22.19 NOTE
r-devel-linux-x86_64-fedora-clang 0.3.0 45.98 NOTE
r-devel-linux-x86_64-fedora-gcc 0.3.0 35.35 NOTE
r-devel-windows-x86_64-new-UL 0.3.0 8.00 66.00 74.00 NOTE
r-devel-windows-x86_64-new-TK 0.3.0 NOTE
r-devel-windows-x86_64-old 0.3.0 4.00 38.00 42.00 NOTE
r-patched-linux-x86_64 0.3.0 2.42 24.92 27.34 NOTE
r-patched-solaris-x86 0.3.0 52.70 NOTE
r-release-linux-x86_64 0.3.0 2.07 24.69 26.76 NOTE
r-release-macos-arm64 0.3.0 NOTE
r-release-macos-x86_64 0.3.0 NOTE
r-release-windows-ix86+x86_64 0.3.0 6.00 35.00 41.00 NOTE
r-oldrel-macos-x86_64 0.3.0 OK
r-oldrel-windows-ix86+x86_64 0.3.0 4.00 45.00 49.00 OK

Check Details

Version: 0.3.0
Check: LazyData
Result: NOTE
     'LazyData' is specified without a 'data' directory
Flavors: r-devel-linux-x86_64-debian-clang, r-devel-linux-x86_64-debian-gcc, r-devel-linux-x86_64-fedora-clang, r-devel-linux-x86_64-fedora-gcc, r-devel-windows-x86_64-new-UL, r-devel-windows-x86_64-new-TK, r-devel-windows-x86_64-old, r-patched-linux-x86_64, r-patched-solaris-x86, r-release-linux-x86_64, r-release-macos-arm64, r-release-macos-x86_64, r-release-windows-ix86+x86_64