Last updated on 2023-02-04 19:58:20 CET.
Flavor | Version | Tinstall | Tcheck | Ttotal | Status | Flags |
---|---|---|---|---|---|---|
r-devel-linux-x86_64-debian-clang | 0.10.1 | 7.96 | 296.09 | 304.05 | NOTE | |
r-devel-linux-x86_64-debian-gcc | 0.10.1 | 6.96 | 209.22 | 216.18 | NOTE | |
r-devel-linux-x86_64-fedora-clang | 0.10.1 | 345.57 | NOTE | |||
r-devel-linux-x86_64-fedora-gcc | 0.10.1 | 353.00 | NOTE | |||
r-devel-windows-x86_64 | 0.10.1 | 144.00 | 305.00 | 449.00 | NOTE | |
r-patched-linux-x86_64 | 0.10.1 | 7.23 | 273.37 | 280.60 | NOTE | |
r-release-linux-x86_64 | 0.10.1 | 7.58 | 268.45 | 276.03 | NOTE | |
r-release-macos-arm64 | 0.10.1 | 83.00 | NOTE | |||
r-release-macos-x86_64 | 0.10.1 | 180.00 | NOTE | |||
r-release-windows-x86_64 | 0.10.1 | 108.00 | 326.00 | 434.00 | NOTE | |
r-oldrel-macos-arm64 | 0.10.1 | 127.00 | NOTE | |||
r-oldrel-macos-x86_64 | 0.10.1 | 108.00 | NOTE | |||
r-oldrel-windows-ix86+x86_64 | 0.10.1 | 21.00 | 334.00 | 355.00 | NOTE |
Version: 0.10.1
Check: LazyData
Result: NOTE
'LazyData' is specified without a 'data' directory
Flavors: r-devel-linux-x86_64-debian-clang, r-devel-linux-x86_64-debian-gcc, r-devel-linux-x86_64-fedora-clang, r-devel-linux-x86_64-fedora-gcc, r-devel-windows-x86_64, r-patched-linux-x86_64, r-release-linux-x86_64, r-release-macos-arm64, r-release-macos-x86_64, r-release-windows-x86_64, r-oldrel-macos-arm64, r-oldrel-macos-x86_64, r-oldrel-windows-ix86+x86_64