Last updated on 2022-06-25 21:53:08 CEST.
Flavor | Version | Tinstall | Tcheck | Ttotal | Status | Flags |
---|---|---|---|---|---|---|
r-devel-linux-x86_64-debian-clang | 1.1.0.1 | 4.01 | 40.26 | 44.27 | NOTE | |
r-devel-linux-x86_64-debian-gcc | 1.1.0.1 | 2.65 | 30.90 | 33.55 | NOTE | |
r-devel-linux-x86_64-fedora-clang | 1.1.0.1 | 62.12 | NOTE | |||
r-devel-linux-x86_64-fedora-gcc | 1.1.0.1 | 61.90 | NOTE | |||
r-devel-windows-x86_64 | 1.1.0.1 | 16.00 | 69.00 | 85.00 | NOTE | |
r-patched-linux-x86_64 | 1.1.0.1 | 3.89 | 38.18 | 42.07 | NOTE | |
r-release-linux-x86_64 | 1.1.0.1 | 3.60 | 37.87 | 41.47 | NOTE | |
r-release-macos-arm64 | 1.1.0.1 | 21.00 | NOTE | |||
r-release-macos-x86_64 | 1.1.0.1 | 29.00 | NOTE | |||
r-release-windows-x86_64 | 1.1.0.1 | 14.00 | 69.00 | 83.00 | NOTE | |
r-oldrel-macos-arm64 | 1.1.0.1 | 26.00 | NOTE | |||
r-oldrel-macos-x86_64 | 1.1.0.1 | 34.00 | NOTE | |||
r-oldrel-windows-ix86+x86_64 | 1.1.0.1 | 13.00 | 70.00 | 83.00 | NOTE |
Version: 1.1.0.1
Check: LazyData
Result: NOTE
'LazyData' is specified without a 'data' directory
Flavors: r-devel-linux-x86_64-debian-clang, r-devel-linux-x86_64-debian-gcc, r-devel-linux-x86_64-fedora-clang, r-devel-linux-x86_64-fedora-gcc, r-devel-windows-x86_64, r-patched-linux-x86_64, r-release-linux-x86_64, r-release-macos-arm64, r-release-macos-x86_64, r-release-windows-x86_64, r-oldrel-macos-arm64, r-oldrel-macos-x86_64, r-oldrel-windows-ix86+x86_64