Last updated on 2023-02-04 19:58:20 CET.
Flavor | Version | Tinstall | Tcheck | Ttotal | Status | Flags |
---|---|---|---|---|---|---|
r-devel-linux-x86_64-debian-clang | 0.22.0 | 5.76 | 73.18 | 78.94 | NOTE | |
r-devel-linux-x86_64-debian-gcc | 0.22.0 | 4.12 | 55.05 | 59.17 | NOTE | |
r-devel-linux-x86_64-fedora-clang | 0.22.0 | 97.69 | NOTE | |||
r-devel-linux-x86_64-fedora-gcc | 0.22.0 | 106.29 | NOTE | |||
r-devel-windows-x86_64 | 0.22.0 | 87.00 | 109.00 | 196.00 | OK | |
r-patched-linux-x86_64 | 0.22.0 | 5.85 | 67.43 | 73.28 | NOTE | |
r-release-linux-x86_64 | 0.22.0 | 4.92 | 68.80 | 73.72 | NOTE | |
r-release-macos-arm64 | 0.22.0 | 34.00 | OK | |||
r-release-macos-x86_64 | 0.22.0 | 46.00 | OK | |||
r-release-windows-x86_64 | 0.22.0 | 58.00 | 114.00 | 172.00 | OK | |
r-oldrel-macos-arm64 | 0.22.0 | 37.00 | OK | |||
r-oldrel-macos-x86_64 | 0.22.0 | 49.00 | OK | |||
r-oldrel-windows-ix86+x86_64 | 0.22.0 | 13.00 | 141.00 | 154.00 | OK |
Version: 0.22.0
Check: package dependencies
Result: NOTE
Package suggested but not available for checking: ‘ri’
Flavors: r-devel-linux-x86_64-debian-clang, r-devel-linux-x86_64-debian-gcc, r-devel-linux-x86_64-fedora-clang, r-devel-linux-x86_64-fedora-gcc, r-patched-linux-x86_64, r-release-linux-x86_64