CRAN Package Check Results for Package randquotes

Last updated on 2021-12-06 19:50:49 CET.

Flavor Version Tinstall Tcheck Ttotal Status Flags
r-devel-linux-x86_64-debian-clang 0.1.1 1.96 31.83 33.79 OK
r-devel-linux-x86_64-debian-gcc 0.1.1 1.63 25.47 27.10 OK
r-devel-linux-x86_64-fedora-clang 0.1.1 42.32 NOTE
r-devel-linux-x86_64-fedora-gcc 0.1.1 31.38 NOTE
r-devel-windows-x86_64-new-UL 0.1.1 6.00 60.00 66.00 OK
r-devel-windows-x86_64-new-TK 0.1.1 NOTE
r-devel-windows-x86_64-old 0.1.1 4.00 31.00 35.00 OK
r-patched-linux-x86_64 0.1.1 2.04 22.32 24.36 OK
r-release-linux-x86_64 0.1.1 1.94 30.60 32.54 OK
r-release-macos-arm64 0.1.1 NOTE
r-release-macos-x86_64 0.1.1 NOTE
r-release-windows-ix86+x86_64 0.1.1 6.00 40.00 46.00 OK
r-oldrel-macos-x86_64 0.1.1 NOTE
r-oldrel-windows-ix86+x86_64 0.1.1 6.00 40.00 46.00 OK

Check Details

Version: 0.1.1
Check: dependencies in R code
Result: NOTE
    Namespaces in Imports field not imported from:
     ‘curl’ ‘jsonlite’
     All declared Imports should be used.
Flavors: r-devel-linux-x86_64-fedora-clang, r-devel-linux-x86_64-fedora-gcc, r-devel-windows-x86_64-new-TK, r-release-macos-arm64, r-release-macos-x86_64, r-oldrel-macos-x86_64