CRAN Package Check Results for Package rangemap

Last updated on 2021-06-21 21:51:32 CEST.

Flavor Version Tinstall Tcheck Ttotal Status Flags
r-devel-linux-x86_64-debian-clang 0.1.16 16.64 179.15 195.79 OK
r-devel-linux-x86_64-debian-gcc 0.1.16 14.10 134.87 148.97 OK
r-devel-linux-x86_64-fedora-clang 0.1.16 243.23 NOTE
r-devel-linux-x86_64-fedora-gcc 0.1.16 231.61 NOTE
r-devel-windows-x86_64 0.1.16 31.00 218.00 249.00 OK
r-devel-windows-x86_64-gcc10-UCRT 0.1.16 ERROR
r-patched-linux-x86_64 0.1.16 16.30 168.08 184.38 OK
r-patched-solaris-x86 0.1.16 321.40 NOTE
r-release-linux-x86_64 0.1.16 15.91 168.23 184.14 OK
r-release-macos-arm64 0.1.16 NOTE
r-release-macos-x86_64 0.1.16 NOTE
r-release-windows-ix86+x86_64 0.1.16 50.00 252.00 302.00 OK
r-oldrel-macos-x86_64 0.1.16 NOTE

Check Details

Version: 0.1.16
Check: data for non-ASCII characters
Result: NOTE
     Note: found 7734 marked UTF-8 strings
Flavors: r-devel-linux-x86_64-fedora-clang, r-devel-linux-x86_64-fedora-gcc, r-patched-solaris-x86, r-release-macos-arm64, r-release-macos-x86_64, r-oldrel-macos-x86_64

Version: 0.1.16
Check: package dependencies
Result: ERROR
    Package required but not available: 'concaveman'
    
    See section 'The DESCRIPTION file' in the 'Writing R Extensions'
    manual.
Flavor: r-devel-windows-x86_64-gcc10-UCRT