CRAN Package Check Results for Package rappdirs

Last updated on 2021-10-20 20:49:25 CEST.

Flavor Version Tinstall Tcheck Ttotal Status Flags
r-devel-linux-x86_64-debian-clang 0.3.3 1.97 23.37 25.34 OK
r-devel-linux-x86_64-debian-gcc 0.3.3 2.00 18.68 20.68 OK
r-devel-linux-x86_64-fedora-clang 0.3.3 42.65 OK
r-devel-linux-x86_64-fedora-gcc 0.3.3 31.73 OK
r-devel-windows-x86_64 0.3.3 8.00 36.00 44.00 OK
r-devel-windows-x86_64-gcc10-UCRT 0.3.3 OK
r-patched-linux-x86_64 0.3.3 2.19 22.42 24.61 OK
r-patched-solaris-x86 0.3.3 53.10 OK
r-release-linux-x86_64 0.3.3 1.74 23.07 24.81 OK
r-release-macos-arm64 0.3.3 OK
r-release-macos-x86_64 0.3.3 ERROR
r-release-windows-ix86+x86_64 0.3.3 12.00 49.00 61.00 OK
r-oldrel-macos-x86_64 0.3.3 OK
r-oldrel-windows-ix86+x86_64 0.3.3 40.00 50.00 90.00 OK

Check Details

Version: 0.3.3
Check: tests
Result: ERROR
     Running ‘testthat.R’ [1s/1s]
    Running the tests in ‘tests/testthat.R’ failed.
    Complete output:
     > library(testthat)
     > library(rappdirs)
     >
     > # ensure CRAN settings don't affect tests
     > Sys.unsetenv("R_USER_DATA_DIR")
     > Sys.unsetenv("R_USER_CONFIG_DIR")
     > Sys.unsetenv("R_USER_CACHE_DIR")
     >
     > test_check("rappdirs")
     Error in loadNamespace(x) : there is no package called 'withr'
     Calls: test_check ... loadNamespace -> withRestarts -> withOneRestart -> doWithOneRestart
     Execution halted
Flavor: r-release-macos-x86_64