CRAN Package Check Results for Package rare

Last updated on 2021-12-01 19:51:46 CET.

Flavor Version Tinstall Tcheck Ttotal Status Flags
r-devel-linux-x86_64-debian-clang 0.1.1 43.27 79.83 123.10 OK
r-devel-linux-x86_64-debian-gcc 0.1.1 33.84 61.75 95.59 OK
r-devel-linux-x86_64-fedora-clang 0.1.1 175.61 OK
r-devel-linux-x86_64-fedora-gcc 0.1.1 157.84 OK
r-devel-windows-x86_64-new-UL 0.1.1 58.00 147.00 205.00 OK
r-devel-windows-x86_64-new-TK 0.1.1 OK
r-devel-windows-x86_64-old 0.1.1 56.00 88.00 144.00 OK
r-patched-linux-x86_64 0.1.1 38.59 75.38 113.97 OK
r-patched-solaris-x86 0.1.1 176.80 OK
r-release-linux-x86_64 0.1.1 38.85 74.87 113.72 OK
r-release-macos-arm64 0.1.1 NOTE
r-release-macos-x86_64 0.1.1 OK
r-release-windows-ix86+x86_64 0.1.1 104.00 101.00 205.00 OK
r-oldrel-macos-x86_64 0.1.1 OK
r-oldrel-windows-ix86+x86_64 0.1.1 79.00 144.00 223.00 OK

Check Details

Version: 0.1.1
Check: installed package size
Result: NOTE
     installed size is 5.5Mb
     sub-directories of 1Mb or more:
     doc 1.2Mb
     libs 4.2Mb
Flavor: r-release-macos-arm64