CRAN Package Check Results for Package rarms

Last updated on 2021-11-29 19:51:41 CET.

Flavor Version Tinstall Tcheck Ttotal Status Flags
r-devel-linux-x86_64-debian-clang 1.0.0 1.81 18.39 20.20 NOTE
r-devel-linux-x86_64-debian-gcc 1.0.0 1.12 15.08 16.20 NOTE
r-devel-linux-x86_64-fedora-clang 1.0.0 36.30 NOTE
r-devel-linux-x86_64-fedora-gcc 1.0.0 25.61 NOTE
r-devel-windows-x86_64-new-UL 1.0.0 5.00 51.00 56.00 NOTE
r-devel-windows-x86_64-new-TK 1.0.0 NOTE
r-devel-windows-x86_64-old 1.0.0 4.00 27.00 31.00 NOTE
r-patched-linux-x86_64 1.0.0 1.76 18.44 20.20 NOTE
r-patched-solaris-x86 1.0.0 41.70 NOTE
r-release-linux-x86_64 1.0.0 1.39 17.90 19.29 NOTE
r-release-macos-arm64 1.0.0 NOTE
r-release-macos-x86_64 1.0.0 NOTE
r-release-windows-ix86+x86_64 1.0.0 4.00 28.00 32.00 NOTE
r-oldrel-macos-x86_64 1.0.0 OK
r-oldrel-windows-ix86+x86_64 1.0.0 4.00 26.00 30.00 OK

Check Details

Version: 1.0.0
Check: LazyData
Result: NOTE
     'LazyData' is specified without a 'data' directory
Flavors: r-devel-linux-x86_64-debian-clang, r-devel-linux-x86_64-debian-gcc, r-devel-linux-x86_64-fedora-clang, r-devel-linux-x86_64-fedora-gcc, r-devel-windows-x86_64-new-UL, r-devel-windows-x86_64-new-TK, r-devel-windows-x86_64-old, r-patched-linux-x86_64, r-patched-solaris-x86, r-release-linux-x86_64, r-release-macos-arm64, r-release-macos-x86_64, r-release-windows-ix86+x86_64