CRAN Package Check Results for Package rasterpdf

Last updated on 2024-02-28 19:49:45 CET.

Flavor Version Tinstall Tcheck Ttotal Status Flags
r-devel-linux-x86_64-debian-clang 0.1.1 1.93 24.98 26.91 NOTE
r-devel-linux-x86_64-debian-gcc 0.1.1 1.57 19.50 21.07 NOTE
r-devel-linux-x86_64-fedora-clang 0.1.1 33.74 NOTE
r-devel-linux-x86_64-fedora-gcc 0.1.1 32.47 NOTE
r-devel-windows-x86_64 0.1.1 2.00 42.00 44.00 NOTE
r-patched-linux-x86_64 0.1.1 2.00 23.84 25.84 NOTE
r-release-linux-x86_64 0.1.1 2.08 24.08 26.16 NOTE
r-release-macos-arm64 0.1.1 15.00 NOTE
r-release-macos-x86_64 0.1.1 20.00 NOTE
r-release-windows-x86_64 0.1.1 2.00 42.00 44.00 NOTE
r-oldrel-macos-arm64 0.1.1 15.00 NOTE
r-oldrel-windows-x86_64 0.1.1 4.00 44.00 48.00 NOTE

Check Details

Version: 0.1.1
Check: LazyData
Result: NOTE 'LazyData' is specified without a 'data' directory Flavors: r-devel-linux-x86_64-debian-clang, r-devel-linux-x86_64-debian-gcc, r-devel-linux-x86_64-fedora-clang, r-devel-linux-x86_64-fedora-gcc, r-devel-windows-x86_64, r-patched-linux-x86_64, r-release-linux-x86_64, r-release-macos-arm64, r-release-macos-x86_64, r-release-windows-x86_64, r-oldrel-macos-arm64, r-oldrel-windows-x86_64