CRAN Package Check Results for Package ratematrix

Last updated on 2021-11-29 19:51:41 CET.

Flavor Version Tinstall Tcheck Ttotal Status Flags
r-devel-linux-x86_64-debian-clang 1.2.3 65.90 157.76 223.66 OK
r-devel-linux-x86_64-debian-gcc 1.2.3 49.30 116.38 165.68 OK
r-devel-linux-x86_64-fedora-clang 1.2.3 294.90 NOTE
r-devel-linux-x86_64-fedora-gcc 1.2.3 275.92 OK
r-devel-windows-x86_64-new-UL 1.2.3 94.00 246.00 340.00 OK
r-devel-windows-x86_64-new-TK 1.2.3 OK
r-devel-windows-x86_64-old 1.2.3 85.00 149.00 234.00 OK
r-patched-linux-x86_64 1.2.3 52.97 160.03 213.00 OK
r-patched-solaris-x86 1.2.3 350.70 OK
r-release-linux-x86_64 1.2.3 55.12 159.52 214.64 OK
r-release-macos-arm64 1.2.3 NOTE
r-release-macos-x86_64 1.2.3 NOTE
r-release-windows-ix86+x86_64 1.2.3 148.00 187.00 335.00 OK
r-oldrel-macos-x86_64 1.2.3 NOTE
r-oldrel-windows-ix86+x86_64 1.2.3 119.00 265.00 384.00 OK

Check Details

Version: 1.2.3
Check: installed package size
Result: NOTE
     installed size is 5.8Mb
     sub-directories of 1Mb or more:
     libs 4.1Mb
Flavors: r-devel-linux-x86_64-fedora-clang, r-release-macos-arm64, r-release-macos-x86_64, r-oldrel-macos-x86_64