CRAN Package Check Results for Package rater

Last updated on 2021-12-08 19:51:44 CET.

Flavor Version Tinstall Tcheck Ttotal Status Flags
r-devel-linux-x86_64-debian-clang 1.2.0 434.47 155.73 590.20 NOTE
r-devel-linux-x86_64-debian-gcc 1.2.0 373.11 136.69 509.80 NOTE
r-devel-linux-x86_64-fedora-clang 1.2.0 864.27 NOTE
r-devel-linux-x86_64-fedora-gcc 1.2.0 915.51 NOTE
r-devel-windows-x86_64-new-UL 1.2.0 501.00 264.00 765.00 NOTE
r-devel-windows-x86_64-new-TK 1.2.0 NOTE
r-devel-windows-x86_64-old 1.2.0 512.00 173.00 685.00 NOTE
r-patched-linux-x86_64 1.2.0 351.62 173.29 524.91 NOTE
r-release-linux-x86_64 1.2.0 431.36 174.08 605.44 NOTE
r-release-macos-arm64 1.2.0 NOTE
r-release-macos-x86_64 1.2.0 NOTE
r-release-windows-ix86+x86_64 1.2.0 704.00 328.00 1032.00 NOTE
r-oldrel-macos-x86_64 1.2.0 NOTE
r-oldrel-windows-ix86+x86_64 1.2.0 1014.00 334.00 1348.00 NOTE

Check Details

Version: 1.2.0
Check: for GNU extensions in Makefiles
Result: NOTE
    GNU make is a SystemRequirements.
Flavors: r-devel-linux-x86_64-debian-clang, r-devel-linux-x86_64-debian-gcc, r-devel-linux-x86_64-fedora-clang, r-devel-linux-x86_64-fedora-gcc, r-devel-windows-x86_64-new-UL, r-devel-windows-x86_64-new-TK, r-devel-windows-x86_64-old, r-patched-linux-x86_64, r-release-linux-x86_64, r-release-macos-arm64, r-release-macos-x86_64, r-release-windows-ix86+x86_64, r-oldrel-macos-x86_64, r-oldrel-windows-ix86+x86_64

Version: 1.2.0
Check: installed package size
Result: NOTE
     installed size is 60.4Mb
     sub-directories of 1Mb or more:
     libs 59.6Mb
Flavors: r-devel-linux-x86_64-fedora-clang, r-release-macos-arm64, r-release-macos-x86_64, r-release-windows-ix86+x86_64, r-oldrel-macos-x86_64, r-oldrel-windows-ix86+x86_64

Version: 1.2.0
Check: line endings in C/C++/Fortran sources/headers
Result: NOTE
    Found the following sources/headers with CR or CRLF line endings:
     src/RcppExports.cpp
    Some Unix compilers require LF line endings.
Flavor: r-devel-windows-x86_64-new-TK