CRAN Package Check Results for Package rater

Last updated on 2024-02-23 19:48:56 CET.

Flavor Version Tinstall Tcheck Ttotal Status Flags
r-devel-linux-x86_64-debian-clang 1.3.1 NOTE
r-devel-linux-x86_64-debian-gcc 1.3.1 467.41 204.69 672.10 NOTE
r-devel-linux-x86_64-fedora-clang 1.3.1 941.09 NOTE
r-devel-linux-x86_64-fedora-gcc 1.3.1 1257.54 NOTE
r-devel-windows-x86_64 1.3.1 397.00 239.00 636.00 NOTE
r-patched-linux-x86_64 1.3.1 435.91 271.60 707.51 NOTE
r-release-linux-x86_64 1.3.1 405.01 269.14 674.15 NOTE
r-release-macos-arm64 1.3.1 428.00 NOTE
r-release-macos-x86_64 1.3.1 583.00 NOTE
r-release-windows-x86_64 1.3.1 498.00 290.00 788.00 NOTE
r-oldrel-macos-arm64 1.3.1 293.00 NOTE
r-oldrel-windows-x86_64 1.3.1 472.00 266.00 738.00 NOTE

Check Details

Version: 1.3.1
Check: Rd files
Result: NOTE checkRd: (-1) as_mcmc.list.Rd:5: Lost braces; missing escapes or markup? 5 | \title{Convert a rater_fit object to a {coda} \code{mcmc.list} object.} | ^ checkRd: (-1) as_mcmc.list.Rd:16: Lost braces; missing escapes or markup? 16 | Convert a rater_fit object to a {coda} \code{mcmc.list} object. | ^ checkRd: (-1) as_mcmc.list.Rd:13: Lost braces; missing escapes or markup? 13 | A {coda} mcmc.list object. | ^ Flavors: r-devel-linux-x86_64-debian-clang, r-devel-linux-x86_64-debian-gcc

Version: 1.3.1
Check: for GNU extensions in Makefiles
Result: NOTE GNU make is a SystemRequirements. Flavors: r-devel-linux-x86_64-debian-clang, r-devel-linux-x86_64-debian-gcc, r-devel-linux-x86_64-fedora-clang, r-devel-linux-x86_64-fedora-gcc, r-devel-windows-x86_64, r-patched-linux-x86_64, r-release-linux-x86_64, r-release-macos-arm64, r-release-macos-x86_64, r-release-windows-x86_64, r-oldrel-macos-arm64, r-oldrel-windows-x86_64

Version: 1.3.1
Check: installed package size
Result: NOTE installed size is 6.1Mb sub-directories of 1Mb or more: libs 5.2Mb Flavors: r-devel-linux-x86_64-fedora-clang, r-devel-windows-x86_64, r-release-macos-arm64, r-release-macos-x86_64, r-release-windows-x86_64, r-oldrel-macos-arm64, r-oldrel-windows-x86_64