CRAN Package Check Results for Package rattle

Last updated on 2024-04-18 22:52:55 CEST.

Flavor Version Tinstall Tcheck Ttotal Status Flags
r-devel-linux-x86_64-debian-clang 5.5.1 18.87 127.93 146.80 NOTE
r-devel-linux-x86_64-debian-gcc 5.5.1 21.89 88.44 110.33 NOTE
r-devel-linux-x86_64-fedora-clang 5.5.1 200.05 NOTE
r-devel-linux-x86_64-fedora-gcc 5.5.1 196.31 NOTE
r-prerel-macos-arm64 5.5.1 57.00 NOTE
r-prerel-windows-x86_64 5.5.1 27.00 106.00 133.00 NOTE
r-patched-linux-x86_64 5.5.1 32.45 117.17 149.62 NOTE
r-release-linux-x86_64 5.5.1 18.19 115.88 134.07 NOTE
r-release-macos-arm64 5.5.1 54.00 NOTE
r-release-macos-x86_64 5.5.1 95.00 NOTE
r-release-windows-x86_64 5.5.1 33.00 121.00 154.00 NOTE
r-oldrel-macos-arm64 5.5.1 46.00 NOTE
r-oldrel-windows-x86_64 5.5.1 34.00 126.00 160.00 NOTE

Check Details

Version: 5.5.1
Check: package dependencies
Result: NOTE Packages suggested but not available for checking: 'cairoDevice', 'RGtk2' Flavors: r-devel-linux-x86_64-debian-clang, r-devel-linux-x86_64-debian-gcc, r-devel-linux-x86_64-fedora-clang, r-devel-linux-x86_64-fedora-gcc, r-prerel-macos-arm64, r-prerel-windows-x86_64, r-patched-linux-x86_64, r-release-linux-x86_64, r-release-macos-arm64, r-release-macos-x86_64, r-release-windows-x86_64, r-oldrel-macos-arm64, r-oldrel-windows-x86_64

Version: 5.5.1
Check: Rd files
Result: NOTE checkRd: (-1) acquireAuditData.Rd:24: Escaped LaTeX specials: \_ checkRd: (-1) rattle.Rd:44: Escaped LaTeX specials: \_ Flavors: r-devel-linux-x86_64-debian-clang, r-devel-linux-x86_64-debian-gcc, r-devel-linux-x86_64-fedora-clang, r-devel-linux-x86_64-fedora-gcc, r-prerel-macos-arm64, r-prerel-windows-x86_64, r-patched-linux-x86_64, r-release-linux-x86_64, r-release-macos-arm64, r-release-macos-x86_64, r-release-windows-x86_64

Version: 5.5.1
Check: installed package size
Result: NOTE installed size is 9.5Mb sub-directories of 1Mb or more: data 4.5Mb etc 1.9Mb po 1.2Mb Flavors: r-devel-linux-x86_64-fedora-clang, r-prerel-macos-arm64, r-prerel-windows-x86_64, r-release-macos-arm64, r-release-macos-x86_64, r-release-windows-x86_64, r-oldrel-macos-arm64, r-oldrel-windows-x86_64