Last updated on 2023-03-31 20:50:22 CEST.
Flavor | Version | Tinstall | Tcheck | Ttotal | Status | Flags |
---|---|---|---|---|---|---|
r-devel-linux-x86_64-debian-clang | 0.1.0 | 35.11 | 145.54 | 180.65 | OK | |
r-devel-linux-x86_64-debian-gcc | 0.1.0 | 25.29 | 107.92 | 133.21 | OK | |
r-devel-linux-x86_64-fedora-clang | 0.1.0 | 221.82 | OK | |||
r-devel-linux-x86_64-fedora-gcc | 0.1.0 | 207.56 | OK | |||
r-devel-windows-x86_64 | 0.1.0 | 44.00 | 0.00 | 44.00 | NOTE | |
r-patched-linux-x86_64 | 0.1.0 | 29.50 | 137.01 | 166.51 | OK | |
r-release-linux-x86_64 | 0.1.0 | 21.07 | 127.26 | 148.33 | OK | |
r-release-macos-arm64 | 0.1.0 | 52.00 | OK | |||
r-release-macos-x86_64 | 0.1.0 | 72.00 | OK | |||
r-release-windows-x86_64 | 0.1.0 | 130.00 | 189.00 | 319.00 | OK | |
r-oldrel-macos-arm64 | 0.1.0 | 44.00 | OK | |||
r-oldrel-macos-x86_64 | 0.1.0 | 74.00 | OK | |||
r-oldrel-windows-ix86+x86_64 | 0.1.0 | 58.00 | 156.00 | 214.00 | OK |
Version: 0.1.0
Check: HTML version of manual
Result: NOTE
Encountered the following conversion/validation errors:
'CreateProcess' failed to run 'd:\rtools43\x86_64-w64-mingw32.static.posix\bin\tidy.exe -language en -qe --drop-empty-elements no D:\temp\RtmpGaaY9S\file2b12072461280'
'CreateProcess' failed to run 'd:\rtools43\x86_64-w64-mingw32.static.posix\bin\tidy.exe -language en -qe --drop-empty-elements no D:\temp\RtmpGaaY9S\file2b12072461280'
Flavor: r-devel-windows-x86_64