Last updated on 2023-02-05 19:51:24 CET.
Flavor | Version | Tinstall | Tcheck | Ttotal | Status | Flags |
---|---|---|---|---|---|---|
r-devel-linux-x86_64-debian-clang | 0.9.1 | 55.30 | 40.30 | 95.60 | NOTE | |
r-devel-linux-x86_64-debian-gcc | 0.9.1 | 40.33 | 30.94 | 71.27 | NOTE | |
r-devel-linux-x86_64-fedora-clang | 0.9.1 | 138.68 | NOTE | |||
r-devel-linux-x86_64-fedora-gcc | 0.9.1 | 123.98 | NOTE | |||
r-devel-windows-x86_64 | 0.9.1 | 59.00 | 97.00 | 156.00 | NOTE | |
r-patched-linux-x86_64 | 0.9.1 | 47.77 | 38.49 | 86.26 | OK | |
r-release-linux-x86_64 | 0.9.1 | 43.67 | 38.78 | 82.45 | OK | |
r-release-macos-arm64 | 0.9.1 | 37.00 | OK | |||
r-release-macos-x86_64 | 0.9.1 | 48.00 | OK | |||
r-release-windows-x86_64 | 0.9.1 | 65.00 | 96.00 | 161.00 | OK | |
r-oldrel-macos-arm64 | 0.9.1 | 40.00 | OK | |||
r-oldrel-macos-x86_64 | 0.9.1 | 50.00 | OK | |||
r-oldrel-windows-ix86+x86_64 | 0.9.1 | 130.00 | 94.00 | 224.00 | OK |
Version: 0.9.1
Check: C++ specification
Result: NOTE
Specified C++11: please update to current default of C++17
Flavors: r-devel-linux-x86_64-debian-clang, r-devel-linux-x86_64-debian-gcc, r-devel-linux-x86_64-fedora-clang, r-devel-linux-x86_64-fedora-gcc, r-devel-windows-x86_64