Last updated on 2023-12-07 19:58:40 CET.
Flavor | Version | Tinstall | Tcheck | Ttotal | Status | Flags |
---|---|---|---|---|---|---|
r-devel-linux-x86_64-debian-clang | 0.7.9 | 158.84 | 52.46 | 211.30 | NOTE | |
r-devel-linux-x86_64-debian-gcc | 0.7.9 | 109.67 | 41.18 | 150.85 | NOTE | |
r-devel-linux-x86_64-fedora-clang | 0.7.9 | 300.53 | NOTE | |||
r-devel-linux-x86_64-fedora-gcc | 0.7.9 | 304.93 | NOTE | |||
r-devel-windows-x86_64 | 0.7.9 | 116.00 | 94.00 | 210.00 | NOTE | |
r-patched-linux-x86_64 | 0.7.9 | 135.89 | 52.65 | 188.54 | OK | |
r-release-linux-x86_64 | 0.7.9 | 137.65 | 51.14 | 188.79 | OK | |
r-release-macos-arm64 | 0.7.9 | 75.00 | NOTE | |||
r-release-macos-x86_64 | 0.7.9 | 79.00 | NOTE | |||
r-release-windows-x86_64 | 0.7.9 | 156.00 | 106.00 | 262.00 | OK | |
r-oldrel-macos-arm64 | 0.7.9 | 73.00 | NOTE | |||
r-oldrel-macos-x86_64 | 0.7.9 | 99.00 | NOTE | |||
r-oldrel-windows-x86_64 | 0.7.9 | 143.00 | 87.00 | 230.00 | OK |
Version: 0.7.9
Check: Rd \usage sections
Result: NOTE
Documented arguments not in \usage in Rd file 'generate_toon_outline.Rd':
‘angle’ ‘order_rotation’
Documented arguments not in \usage in Rd file 'init_time.Rd':
‘verbose’ ‘message’
Documented arguments not in \usage in Rd file 'merge_scene.Rd':
‘scene’
Documented arguments not in \usage in Rd file 'print_time.Rd':
‘message’
Functions with \usage entries need to have the appropriate \alias
entries, and all their arguments documented.
The \usage entries must correspond to syntactically valid R code.
See chapter ‘Writing R documentation files’ in the ‘Writing R
Extensions’ manual.
Flavors: r-devel-linux-x86_64-debian-clang, r-devel-linux-x86_64-debian-gcc, r-devel-linux-x86_64-fedora-clang, r-devel-linux-x86_64-fedora-gcc, r-devel-windows-x86_64
Version: 0.7.9
Check: installed package size
Result: NOTE
installed size is 10.1Mb
sub-directories of 1Mb or more:
libs 9.5Mb
Flavors: r-release-macos-arm64, r-release-macos-x86_64, r-oldrel-macos-arm64, r-oldrel-macos-x86_64