Last updated on 2023-01-28 19:52:24 CET.
Flavor | Version | Tinstall | Tcheck | Ttotal | Status | Flags |
---|---|---|---|---|---|---|
r-devel-linux-x86_64-debian-clang | 0.4.11 | 155.53 | 49.27 | 204.80 | OK | |
r-devel-linux-x86_64-debian-gcc | 0.4.11 | 122.43 | 37.34 | 159.77 | OK | |
r-devel-linux-x86_64-fedora-clang | 0.4.11 | 308.98 | OK | |||
r-devel-linux-x86_64-fedora-gcc | 0.4.11 | 282.68 | OK | |||
r-patched-linux-x86_64 | 0.4.11 | 137.96 | 46.23 | 184.19 | OK | |
r-release-linux-x86_64 | 0.4.11 | 136.27 | 46.40 | 182.67 | OK | |
r-release-macos-arm64 | 0.4.11 | 75.00 | NOTE | |||
r-release-macos-x86_64 | 0.4.11 | 85.00 | NOTE | |||
r-release-windows-x86_64 | 0.4.11 | 231.00 | 120.00 | 351.00 | OK | |
r-oldrel-macos-arm64 | 0.4.11 | 66.00 | NOTE | |||
r-oldrel-macos-x86_64 | 0.4.11 | 83.00 | NOTE | |||
r-oldrel-windows-ix86+x86_64 | 0.4.11 | 348.00 | 109.00 | 457.00 | OK |
Version: 0.4.11
Check: installed package size
Result: NOTE
installed size is 9.4Mb
sub-directories of 1Mb or more:
libs 9.0Mb
Flavors: r-release-macos-arm64, r-release-macos-x86_64, r-oldrel-macos-arm64, r-oldrel-macos-x86_64