CRAN Package Check Results for Package rbedrock

Last updated on 2021-12-03 19:50:23 CET.

Flavor Version Tinstall Tcheck Ttotal Status Flags
r-devel-linux-x86_64-debian-clang 0.1.1 60.60 47.93 108.53 OK
r-devel-linux-x86_64-debian-gcc 0.1.1 45.82 37.92 83.74 OK
r-devel-linux-x86_64-fedora-clang 0.1.1 189.45 NOTE
r-devel-linux-x86_64-fedora-gcc 0.1.1 150.50 NOTE
r-devel-windows-x86_64-new-UL 0.1.1 106.00 114.00 220.00 OK
r-devel-windows-x86_64-new-TK 0.1.1 OK
r-devel-windows-x86_64-old 0.1.1 82.00 63.00 145.00 OK
r-patched-linux-x86_64 0.1.1 53.09 44.83 97.92 OK
r-release-linux-x86_64 0.1.1 56.54 44.66 101.20 OK
r-release-macos-arm64 0.1.1 NOTE
r-release-macos-x86_64 0.1.1 NOTE
r-release-windows-ix86+x86_64 0.1.1 149.00 105.00 254.00 OK
r-oldrel-macos-x86_64 0.1.1 NOTE
r-oldrel-windows-ix86+x86_64 0.1.1 172.00 99.00 271.00 OK

Additional issues

M1mac M1mac

Check Details

Version: 0.1.1
Check: for GNU extensions in Makefiles
Result: NOTE
    GNU make is a SystemRequirements.
Flavors: r-devel-linux-x86_64-fedora-clang, r-devel-linux-x86_64-fedora-gcc, r-release-macos-arm64, r-release-macos-x86_64, r-oldrel-macos-x86_64

Version: 0.1.1
Check: installed package size
Result: NOTE
     installed size is 5.2Mb
     sub-directories of 1Mb or more:
     libs 4.2Mb
Flavor: r-release-macos-arm64