CRAN Package Check Results for Package rbefdata

Last updated on 2022-05-26 21:50:14 CEST.

Flavor Version Tinstall Tcheck Ttotal Status Flags
r-devel-linux-x86_64-debian-clang 0.3.5 5.89 55.61 61.50 NOTE
r-devel-linux-x86_64-debian-gcc 0.3.5 4.54 48.74 53.28 NOTE
r-devel-linux-x86_64-fedora-clang 0.3.5 73.54 NOTE
r-devel-linux-x86_64-fedora-gcc 0.3.5 61.70 NOTE
r-devel-windows-x86_64 0.3.5 37.00 74.00 111.00 NOTE
r-patched-linux-x86_64 0.3.5 5.06 54.16 59.22 NOTE
r-release-linux-x86_64 0.3.5 5.33 52.79 58.12 NOTE
r-release-macos-arm64 0.3.5 24.00 NOTE
r-release-macos-x86_64 0.3.5 31.00 NOTE
r-release-windows-x86_64 0.3.5 30.00 72.00 102.00 NOTE
r-oldrel-macos-arm64 0.3.5 26.00 NOTE
r-oldrel-macos-x86_64 0.3.5 38.00 NOTE
r-oldrel-windows-ix86+x86_64 0.3.5 12.00 69.00 81.00 NOTE

Check Details

Version: 0.3.5
Check: R code for possible problems
Result: NOTE
    bef.get.attachments: no visible global function definition for
     'read.csv'
    bef.get.attachments: no visible global function definition for
     'flush.console'
    bef.get.attachments_for: no visible global function definition for
     'read.csv'
    bef.get.attachments_for: no visible global function definition for
     'flush.console'
    bef.get.categories_for: no visible binding for global variable 'id'
    bef.get.categories_for: no visible global function definition for
     'read.csv'
    bef.get.dataset: no visible global function definition for 'read.csv'
    bef.get.dataset_by: no visible global function definition for
     'read.csv'
    bef.get.datasets.for_keyword : <anonymous>: no visible global function
     definition for 'read.csv'
    bef.get.datasets.for_proposal: no visible global function definition
     for 'read.csv'
    bef.goto.dataset_page: no visible global function definition for
     'browseURL'
    bef.goto.proposal_page: no visible global function definition for
     'browseURL'
    bef.portal.get.attachments: no visible global function definition for
     'read.csv'
    bef.portal.get.attachments: no visible global function definition for
     'flush.console'
    bef.portal.get.attachments_for: no visible global function definition
     for 'read.csv'
    bef.portal.get.attachments_for: no visible global function definition
     for 'flush.console'
    bef.portal.get.categories_for: no visible binding for global variable
     'id'
    bef.portal.get.categories_for: no visible global function definition
     for 'read.csv'
    bef.portal.get.dataset: no visible global function definition for
     'read.csv'
    bef.portal.get.dataset_by: no visible global function definition for
     'read.csv'
    bef.portal.get.datasets.for_keyword : <anonymous>: no visible global
     function definition for 'read.csv'
    bef.portal.get.datasets.for_proposal: no visible global function
     definition for 'read.csv'
    upload_file: no visible global function definition for 'write.csv'
    Undefined global functions or variables:
     browseURL flush.console id read.csv write.csv
    Consider adding
     importFrom("utils", "browseURL", "flush.console", "read.csv",
     "write.csv")
    to your NAMESPACE file.
Flavors: r-devel-linux-x86_64-debian-clang, r-devel-linux-x86_64-debian-gcc, r-devel-linux-x86_64-fedora-clang, r-devel-linux-x86_64-fedora-gcc, r-devel-windows-x86_64, r-patched-linux-x86_64, r-release-linux-x86_64, r-release-macos-arm64, r-release-macos-x86_64, r-release-windows-x86_64, r-oldrel-macos-arm64, r-oldrel-macos-x86_64, r-oldrel-windows-ix86+x86_64