CRAN Package Check Results for Package rbmi

Last updated on 2024-07-14 21:48:20 CEST.

Flavor Version Tinstall Tcheck Ttotal Status Flags
r-devel-linux-x86_64-debian-clang 1.2.6 194.29 360.48 554.77 NOTE
r-devel-linux-x86_64-debian-gcc 1.2.6 174.30 274.71 449.01 NOTE
r-devel-linux-x86_64-fedora-clang 1.2.6 707.49 NOTE
r-devel-linux-x86_64-fedora-gcc 1.2.6 811.05 NOTE
r-devel-windows-x86_64 1.2.6 165.00 355.00 520.00 NOTE
r-patched-linux-x86_64 1.2.6 156.99 368.36 525.35 NOTE
r-release-linux-x86_64 1.2.6 154.26 366.97 521.23 NOTE
r-release-macos-arm64 1.2.6 187.00 NOTE
r-release-macos-x86_64 1.2.6 397.00 NOTE
r-release-windows-x86_64 1.2.6 166.00 350.00 516.00 NOTE
r-oldrel-macos-arm64 1.2.6 178.00 NOTE
r-oldrel-macos-x86_64 1.2.6 491.00 NOTE
r-oldrel-windows-x86_64 1.2.6 223.00 434.00 657.00 NOTE

Check Details

Version: 1.2.6
Check: for GNU extensions in Makefiles
Result: NOTE GNU make is a SystemRequirements. Flavors: r-devel-linux-x86_64-debian-clang, r-devel-linux-x86_64-debian-gcc, r-devel-linux-x86_64-fedora-clang, r-devel-linux-x86_64-fedora-gcc, r-devel-windows-x86_64, r-patched-linux-x86_64, r-release-linux-x86_64, r-release-macos-arm64, r-release-macos-x86_64, r-release-windows-x86_64, r-oldrel-macos-arm64, r-oldrel-macos-x86_64, r-oldrel-windows-x86_64

Version: 1.2.6
Check: installed package size
Result: NOTE installed size is 54.5Mb sub-directories of 1Mb or more: libs 53.3Mb Flavors: r-release-macos-arm64, r-release-macos-x86_64, r-oldrel-macos-arm64, r-oldrel-macos-x86_64