CRAN Package Check Results for Package rbtt

Last updated on 2021-02-28 19:48:09 CET.

Flavor Version Tinstall Tcheck Ttotal Status Flags
r-devel-linux-x86_64-debian-clang 0.1.0 OK
r-devel-linux-x86_64-debian-gcc 0.1.0 1.94 23.34 25.28 OK
r-devel-linux-x86_64-fedora-clang 0.1.0 48.81 OK
r-devel-linux-x86_64-fedora-gcc 0.1.0 39.11 OK
r-devel-windows-ix86+x86_64 0.1.0 5.00 34.00 39.00 OK
r-patched-linux-x86_64 0.1.0 2.41 28.63 31.04 OK
r-patched-solaris-x86 0.1.0 58.20 OK
r-release-linux-x86_64 0.1.0 2.18 28.51 30.69 OK
r-release-macos-x86_64 0.1.0 OK
r-release-windows-ix86+x86_64 0.1.0 15.00 14.00 29.00 ERROR
r-oldrel-macos-x86_64 0.1.0 OK
r-oldrel-windows-ix86+x86_64 0.1.0 4.00 41.00 45.00 OK

Check Details

Version: 0.1.0
Check: whether package can be installed
Result: ERROR
    Installation failed.
    See 'd:/Rcompile/CRANpkg/local/4.0/rbtt.Rcheck/00install.out'*
Flavor: r-release-windows-ix86+x86_64