Last updated on 2022-06-25 21:53:09 CEST.
Flavor | Version | Tinstall | Tcheck | Ttotal | Status | Flags |
---|---|---|---|---|---|---|
r-devel-linux-x86_64-debian-clang | 0.4.2 | 37.71 | 356.08 | 393.79 | OK | |
r-devel-linux-x86_64-debian-gcc | 0.4.2 | 32.74 | 258.03 | 290.77 | OK | |
r-devel-linux-x86_64-fedora-clang | 0.4.2 | 463.49 | NOTE | |||
r-devel-linux-x86_64-fedora-gcc | 0.4.2 | 463.95 | NOTE | |||
r-devel-windows-x86_64 | 0.4.2 | 64.00 | 332.00 | 396.00 | OK | |
r-patched-linux-x86_64 | 0.4.2 | 39.14 | 337.04 | 376.18 | OK | |
r-release-linux-x86_64 | 0.4.2 | 29.91 | 331.50 | 361.41 | OK | |
r-release-macos-arm64 | 0.4.2 | 102.00 | NOTE | |||
r-release-macos-x86_64 | 0.4.2 | 185.00 | NOTE | |||
r-release-windows-x86_64 | 0.4.2 | 63.00 | 338.00 | 401.00 | OK | |
r-oldrel-macos-arm64 | 0.4.2 | 74.00 | NOTE | |||
r-oldrel-macos-x86_64 | 0.4.2 | 103.00 | NOTE | |||
r-oldrel-windows-ix86+x86_64 | 0.4.2 | 83.00 | 347.00 | 430.00 | OK |
Version: 0.4.2
Check: dependencies in R code
Result: NOTE
Namespaces in Imports field not imported from:
‘Rcpp’ ‘dplyr’
All declared Imports should be used.
Flavors: r-devel-linux-x86_64-fedora-clang, r-devel-linux-x86_64-fedora-gcc, r-release-macos-arm64, r-release-macos-x86_64, r-oldrel-macos-arm64, r-oldrel-macos-x86_64