CRAN Package Check Results for Package rde

Last updated on 2021-12-02 20:51:40 CET.

Flavor Version Tinstall Tcheck Ttotal Status Flags
r-devel-linux-x86_64-debian-clang 0.1.0 2.22 27.63 29.85 NOTE
r-devel-linux-x86_64-debian-gcc 0.1.0 1.74 22.15 23.89 NOTE
r-devel-linux-x86_64-fedora-clang 0.1.0 47.86 NOTE
r-devel-linux-x86_64-fedora-gcc 0.1.0 36.23 NOTE
r-devel-windows-x86_64-new-UL 0.1.0 6.00 62.00 68.00 NOTE
r-devel-windows-x86_64-new-TK 0.1.0 NOTE
r-devel-windows-x86_64-old 0.1.0 4.00 36.00 40.00 NOTE
r-patched-linux-x86_64 0.1.0 2.21 25.98 28.19 NOTE
r-patched-solaris-x86 0.1.0 53.90 NOTE
r-release-linux-x86_64 0.1.0 2.07 25.96 28.03 NOTE
r-release-macos-arm64 0.1.0 NOTE
r-release-macos-x86_64 0.1.0 NOTE
r-release-windows-ix86+x86_64 0.1.0 6.00 51.00 57.00 NOTE
r-oldrel-macos-x86_64 0.1.0 OK
r-oldrel-windows-ix86+x86_64 0.1.0 6.00 45.00 51.00 OK

Check Details

Version: 0.1.0
Check: LazyData
Result: NOTE
     'LazyData' is specified without a 'data' directory
Flavors: r-devel-linux-x86_64-debian-clang, r-devel-linux-x86_64-debian-gcc, r-devel-linux-x86_64-fedora-clang, r-devel-linux-x86_64-fedora-gcc, r-devel-windows-x86_64-new-UL, r-devel-windows-x86_64-new-TK, r-devel-windows-x86_64-old, r-patched-linux-x86_64, r-patched-solaris-x86, r-release-linux-x86_64, r-release-macos-arm64, r-release-macos-x86_64, r-release-windows-ix86+x86_64