CRAN Package Check Results for Package rdist

Last updated on 2021-11-30 19:51:33 CET.

Flavor Version Tinstall Tcheck Ttotal Status Flags
r-devel-linux-x86_64-debian-clang 0.0.5 137.21 31.34 168.55 NOTE
r-devel-linux-x86_64-debian-gcc 0.0.5 102.99 23.73 126.72 NOTE
r-devel-linux-x86_64-fedora-clang 0.0.5 282.21 NOTE
r-devel-linux-x86_64-fedora-gcc 0.0.5 239.96 NOTE
r-devel-windows-x86_64-new-UL 0.0.5 184.00 89.00 273.00 NOTE
r-devel-windows-x86_64-new-TK 0.0.5 NOTE
r-devel-windows-x86_64-old 0.0.5 188.00 45.00 233.00 NOTE
r-patched-linux-x86_64 0.0.5 116.85 29.11 145.96 NOTE
r-patched-solaris-x86 0.0.5 218.10 NOTE
r-release-linux-x86_64 0.0.5 123.22 29.02 152.24 NOTE
r-release-macos-arm64 0.0.5 NOTE
r-release-macos-x86_64 0.0.5 NOTE
r-release-windows-ix86+x86_64 0.0.5 352.00 66.00 418.00 NOTE
r-oldrel-macos-x86_64 0.0.5 OK
r-oldrel-windows-ix86+x86_64 0.0.5 254.00 80.00 334.00 OK

Check Details

Version: 0.0.5
Check: LazyData
Result: NOTE
     'LazyData' is specified without a 'data' directory
Flavors: r-devel-linux-x86_64-debian-clang, r-devel-linux-x86_64-debian-gcc, r-devel-linux-x86_64-fedora-clang, r-devel-linux-x86_64-fedora-gcc, r-devel-windows-x86_64-new-UL, r-devel-windows-x86_64-new-TK, r-devel-windows-x86_64-old, r-patched-linux-x86_64, r-patched-solaris-x86, r-release-linux-x86_64, r-release-macos-arm64, r-release-macos-x86_64, r-release-windows-ix86+x86_64