CRAN Package Check Results for Package read.dbc

Last updated on 2022-05-28 21:50:49 CEST.

Flavor Version Tinstall Tcheck Ttotal Status Flags
r-devel-linux-x86_64-debian-clang 1.0.5 2.99 29.86 32.85 NOTE
r-devel-linux-x86_64-debian-gcc 1.0.5 2.19 22.80 24.99 NOTE
r-devel-linux-x86_64-fedora-clang 1.0.5 39.50 NOTE
r-devel-linux-x86_64-fedora-gcc 1.0.5 28.01 NOTE
r-devel-windows-x86_64 1.0.5 13.00 47.00 60.00 NOTE
r-patched-linux-x86_64 1.0.5 2.86 28.62 31.48 NOTE
r-release-linux-x86_64 1.0.5 1.85 28.54 30.39 NOTE
r-release-macos-arm64 1.0.5 15.00 NOTE
r-release-macos-x86_64 1.0.5 21.00 NOTE
r-release-windows-x86_64 1.0.5 8.00 49.00 57.00 NOTE
r-oldrel-macos-arm64 1.0.5 20.00 NOTE
r-oldrel-macos-x86_64 1.0.5 25.00 NOTE
r-oldrel-windows-ix86+x86_64 1.0.5 7.00 42.00 49.00 NOTE

Check Details

Version: 1.0.5
Check: LazyData
Result: NOTE
     'LazyData' is specified without a 'data' directory
Flavors: r-devel-linux-x86_64-debian-clang, r-devel-linux-x86_64-debian-gcc, r-devel-linux-x86_64-fedora-clang, r-devel-linux-x86_64-fedora-gcc, r-devel-windows-x86_64, r-patched-linux-x86_64, r-release-linux-x86_64, r-release-macos-arm64, r-release-macos-x86_64, r-release-windows-x86_64, r-oldrel-macos-arm64, r-oldrel-macos-x86_64, r-oldrel-windows-ix86+x86_64

Version: 1.0.5
Check: compiled code
Result: NOTE
    File ‘read.dbc/libs/read.dbc.so’:
     Found no calls to: ‘R_registerRoutines’, ‘R_useDynamicSymbols’
    
    It is good practice to register native routines and to disable symbol
    search.
    
    See ‘Writing portable packages’ in the ‘Writing R Extensions’ manual.
Flavors: r-devel-linux-x86_64-fedora-clang, r-devel-linux-x86_64-fedora-gcc