CRAN Package Check Results for Package readbulk

Last updated on 2023-02-06 19:54:33 CET.

Flavor Version Tinstall Tcheck Ttotal Status Flags
r-devel-linux-x86_64-debian-clang 1.1.3 1.40 20.96 22.36 NOTE
r-devel-linux-x86_64-debian-gcc 1.1.3 1.63 16.71 18.34 NOTE
r-devel-linux-x86_64-fedora-clang 1.1.3 30.44 NOTE
r-devel-linux-x86_64-fedora-gcc 1.1.3 29.06 NOTE
r-devel-windows-x86_64 1.1.3 7.00 51.00 58.00 NOTE
r-patched-linux-x86_64 1.1.3 2.10 21.22 23.32 NOTE
r-release-linux-x86_64 1.1.3 1.86 21.87 23.73 NOTE
r-release-macos-arm64 1.1.3 14.00 NOTE
r-release-macos-x86_64 1.1.3 21.00 NOTE
r-release-windows-x86_64 1.1.3 12.00 50.00 62.00 NOTE
r-oldrel-macos-arm64 1.1.3 16.00 NOTE
r-oldrel-macos-x86_64 1.1.3 22.00 NOTE
r-oldrel-windows-ix86+x86_64 1.1.3 5.00 47.00 52.00 NOTE

Check Details

Version: 1.1.3
Check: LazyData
Result: NOTE
     'LazyData' is specified without a 'data' directory
Flavors: r-devel-linux-x86_64-debian-clang, r-devel-linux-x86_64-debian-gcc, r-devel-linux-x86_64-fedora-clang, r-devel-linux-x86_64-fedora-gcc, r-devel-windows-x86_64, r-patched-linux-x86_64, r-release-linux-x86_64, r-release-macos-arm64, r-release-macos-x86_64, r-release-windows-x86_64, r-oldrel-macos-arm64, r-oldrel-macos-x86_64, r-oldrel-windows-ix86+x86_64