CRAN Package Check Results for Package reader

Last updated on 2024-07-15 21:52:17 CEST.

Flavor Version Tinstall Tcheck Ttotal Status Flags
r-devel-linux-x86_64-debian-clang 1.0.6 2.75 30.39 33.14 NOTE
r-devel-linux-x86_64-debian-gcc 1.0.6 2.54 22.96 25.50 NOTE
r-devel-linux-x86_64-fedora-clang 1.0.6 42.59 NOTE
r-devel-linux-x86_64-fedora-gcc 1.0.6 39.94 NOTE
r-devel-windows-x86_64 1.0.6 4.00 48.00 52.00 NOTE
r-patched-linux-x86_64 1.0.6 3.05 29.32 32.37 NOTE
r-release-linux-x86_64 1.0.6 2.59 28.94 31.53 NOTE
r-release-macos-arm64 1.0.6 16.00 NOTE
r-release-macos-x86_64 1.0.6 26.00 NOTE
r-release-windows-x86_64 1.0.6 4.00 48.00 52.00 NOTE
r-oldrel-macos-arm64 1.0.6 18.00 OK
r-oldrel-macos-x86_64 1.0.6 24.00 OK
r-oldrel-windows-x86_64 1.0.6 4.00 51.00 55.00 OK

Check Details

Version: 1.0.6
Check: Rd files
Result: NOTE checkRd: (-1) reader-package.Rd:38: Lost braces in \itemize; meant \describe ? checkRd: (-1) reader-package.Rd:39: Lost braces in \itemize; meant \describe ? checkRd: (-1) reader-package.Rd:40: Lost braces in \itemize; meant \describe ? checkRd: (-1) reader-package.Rd:41: Lost braces in \itemize; meant \describe ? checkRd: (-1) reader-package.Rd:42: Lost braces in \itemize; meant \describe ? checkRd: (-1) reader-package.Rd:43: Lost braces in \itemize; meant \describe ? checkRd: (-1) reader-package.Rd:44: Lost braces in \itemize; meant \describe ? checkRd: (-1) reader-package.Rd:45: Lost braces in \itemize; meant \describe ? checkRd: (-1) reader-package.Rd:46: Lost braces in \itemize; meant \describe ? checkRd: (-1) reader-package.Rd:47: Lost braces in \itemize; meant \describe ? checkRd: (-1) reader-package.Rd:48: Lost braces in \itemize; meant \describe ? checkRd: (-1) reader-package.Rd:49: Lost braces in \itemize; meant \describe ? checkRd: (-1) reader-package.Rd:50: Lost braces in \itemize; meant \describe ? checkRd: (-1) reader-package.Rd:51: Lost braces in \itemize; meant \describe ? checkRd: (-1) reader-package.Rd:52: Lost braces in \itemize; meant \describe ? checkRd: (-1) reader-package.Rd:53: Lost braces in \itemize; meant \describe ? checkRd: (-1) reader-package.Rd:54: Lost braces in \itemize; meant \describe ? checkRd: (-1) reader-package.Rd:55: Lost braces in \itemize; meant \describe ? Flavors: r-devel-linux-x86_64-debian-clang, r-devel-linux-x86_64-debian-gcc, r-devel-linux-x86_64-fedora-clang, r-devel-linux-x86_64-fedora-gcc, r-devel-windows-x86_64, r-patched-linux-x86_64, r-release-linux-x86_64, r-release-macos-arm64, r-release-macos-x86_64, r-release-windows-x86_64

Version: 1.0.6
Check: for non-standard things in the check directory
Result: NOTE Found the following files/directories: ‘temp.txt’ ‘temp2.csv’ ‘temp3.rda’ Flavors: r-devel-linux-x86_64-debian-clang, r-devel-linux-x86_64-debian-gcc, r-devel-linux-x86_64-fedora-clang, r-devel-linux-x86_64-fedora-gcc, r-patched-linux-x86_64, r-release-linux-x86_64