Last updated on 2021-01-16 19:47:20 CET.
Flavor | Version | Tinstall | Tcheck | Ttotal | Status | Flags |
---|---|---|---|---|---|---|
r-devel-linux-x86_64-debian-clang | 1.4.0 | 146.45 | 84.81 | 231.26 | OK | |
r-devel-linux-x86_64-debian-gcc | 1.4.0 | 117.11 | 59.89 | 177.00 | OK | |
r-devel-linux-x86_64-fedora-clang | 1.4.0 | 340.49 | NOTE | |||
r-devel-linux-x86_64-fedora-gcc | 1.4.0 | 316.47 | OK | |||
r-devel-windows-ix86+x86_64 | 1.4.0 | 364.00 | 146.00 | 510.00 | OK | |
r-patched-linux-x86_64 | 1.4.0 | 135.51 | 74.38 | 209.89 | OK | |
r-patched-solaris-x86 | 1.4.0 | 343.90 | OK | |||
r-release-linux-x86_64 | 1.4.0 | 134.67 | 74.67 | 209.34 | OK | |
r-release-macos-x86_64 | 1.4.0 | NOTE | ||||
r-release-windows-ix86+x86_64 | 1.4.0 | 388.00 | 145.00 | 533.00 | OK | |
r-oldrel-macos-x86_64 | 1.4.0 | NOTE | ||||
r-oldrel-windows-ix86+x86_64 | 1.4.0 | 452.00 | 119.00 | 571.00 | OK |
Version: 1.4.0
Check: installed package size
Result: NOTE
installed size is 7.9Mb
sub-directories of 1Mb or more:
libs 7.1Mb
Flavors: r-devel-linux-x86_64-fedora-clang, r-release-macos-x86_64, r-oldrel-macos-x86_64