CRAN Package Check Results for Package readr

Last updated on 2021-12-01 19:51:46 CET.

Flavor Version Tinstall Tcheck Ttotal Status Flags
r-devel-linux-x86_64-debian-clang 2.1.0 72.46 116.28 188.74 OK
r-devel-linux-x86_64-debian-gcc 2.1.1 53.43 77.25 130.68 OK
r-devel-linux-x86_64-fedora-clang 2.1.1 237.56 NOTE
r-devel-linux-x86_64-fedora-gcc 2.1.1 223.38 OK
r-devel-windows-x86_64-new-UL 2.1.1 62.00 181.00 243.00 OK
r-devel-windows-x86_64-new-TK 2.1.0 OK
r-devel-windows-x86_64-old 2.1.0 105.00 121.00 226.00 OK
r-patched-linux-x86_64 2.1.0 68.59 97.92 166.51 OK
r-patched-solaris-x86 2.1.1 250.10 OK
r-release-linux-x86_64 2.1.0 68.97 98.88 167.85 OK
r-release-macos-arm64 2.1.0 NOTE
r-release-macos-x86_64 2.1.0 OK
r-release-windows-ix86+x86_64 2.1.0 200.00 179.00 379.00 OK
r-oldrel-macos-x86_64 2.1.0 OK
r-oldrel-windows-ix86+x86_64 2.1.0 154.00 226.00 380.00 OK

Check Details

Version: 2.1.1
Check: installed package size
Result: NOTE
     installed size is 5.2Mb
     sub-directories of 1Mb or more:
     libs 4.3Mb
Flavor: r-devel-linux-x86_64-fedora-clang

Version: 2.1.1
Check: Rd cross-references
Result: NOTE
    Undeclared packages ‘tidyselect’, ‘vctrs’ in Rd xrefs
Flavor: r-devel-linux-x86_64-fedora-clang

Version: 2.1.0
Check: installed package size
Result: NOTE
     installed size is 5.9Mb
     sub-directories of 1Mb or more:
     libs 5.0Mb
Flavor: r-release-macos-arm64