CRAN Package Check Results for Package readroper

Last updated on 2022-01-25 19:50:43 CET.

Flavor Version Tinstall Tcheck Ttotal Status Flags
r-devel-linux-x86_64-debian-clang 0.9.3 1.69 36.21 37.90 NOTE
r-devel-linux-x86_64-debian-gcc 0.9.3 1.67 27.90 29.57 NOTE
r-devel-linux-x86_64-fedora-clang 0.9.3 47.20 NOTE
r-devel-linux-x86_64-fedora-gcc 0.9.3 35.91 NOTE
r-devel-windows-x86_64-new-UL 0.9.3 13.00 61.00 74.00 NOTE
r-devel-windows-x86_64-new-TK 0.9.3 NOTE
r-patched-linux-x86_64 0.9.3 1.38 33.86 35.24 NOTE
r-release-linux-x86_64 0.9.3 1.85 33.49 35.34 NOTE
r-release-macos-arm64 0.9.3 NOTE
r-release-macos-x86_64 0.9.3 NOTE
r-release-windows-ix86+x86_64 0.9.3 5.00 43.00 48.00 NOTE
r-oldrel-macos-x86_64 0.9.3 OK
r-oldrel-windows-ix86+x86_64 0.9.3 5.00 45.00 50.00 OK

Check Details

Version: 0.9.3
Check: LazyData
Result: NOTE
     'LazyData' is specified without a 'data' directory
Flavors: r-devel-linux-x86_64-debian-clang, r-devel-linux-x86_64-debian-gcc, r-devel-linux-x86_64-fedora-clang, r-devel-linux-x86_64-fedora-gcc, r-devel-windows-x86_64-new-UL, r-devel-windows-x86_64-new-TK, r-patched-linux-x86_64, r-release-linux-x86_64, r-release-macos-arm64, r-release-macos-x86_64, r-release-windows-ix86+x86_64