CRAN Package Check Results for Package receptiviti

Last updated on 2025-01-19 19:48:29 CET.

Flavor Version Tinstall Tcheck Ttotal Status Flags
r-devel-linux-x86_64-debian-clang 0.1.8 2.81 26.74 29.55 OK
r-devel-linux-x86_64-debian-gcc 0.1.8 1.84 21.06 22.90 OK
r-devel-linux-x86_64-fedora-clang 0.1.8 46.87 OK
r-devel-linux-x86_64-fedora-gcc 0.1.8 45.78 OK
r-devel-windows-x86_64 0.1.8 4.00 51.00 55.00 OK
r-patched-linux-x86_64 0.1.8 2.78 25.20 27.98 OK
r-release-linux-x86_64 0.1.8 2.24 25.55 27.79 OK
r-release-macos-arm64 0.1.8 21.00 OK
r-release-macos-x86_64 0.1.8 33.00 NOTE
r-release-windows-x86_64 0.1.8 4.00 49.00 53.00 OK
r-oldrel-macos-arm64 0.1.8 26.00 OK
r-oldrel-macos-x86_64 0.1.8 49.00 OK
r-oldrel-windows-x86_64 0.1.8 5.00 51.00 56.00 OK

Check Details

Version: 0.1.8
Check: package dependencies
Result: NOTE Package suggested but not available for checking: ‘arrow’ Flavor: r-release-macos-x86_64

Version: 0.1.8
Check: Rd cross-references
Result: NOTE Package unavailable to check Rd xrefs: ‘arrow’ Flavor: r-release-macos-x86_64