CRAN Package Check Results for Package recmap

Last updated on 2022-01-27 19:51:11 CET.

Flavor Version Tinstall Tcheck Ttotal Status Flags
r-devel-linux-x86_64-debian-clang 1.0.11 20.79 185.86 206.65 OK
r-devel-linux-x86_64-debian-gcc 1.0.11 18.71 133.74 152.45 OK
r-devel-linux-x86_64-fedora-clang 1.0.11 246.80 NOTE
r-devel-linux-x86_64-fedora-gcc 1.0.11 226.05 NOTE
r-devel-windows-x86_64-new-UL 1.0.11 54.00 186.00 240.00 OK
r-devel-windows-x86_64-new-TK 1.0.11 NOTE
r-patched-linux-x86_64 1.0.11 23.25 167.22 190.47 OK
r-release-linux-x86_64 1.0.11 23.10 165.20 188.30 OK
r-release-macos-arm64 1.0.11 NOTE
r-release-macos-x86_64 1.0.11 NOTE
r-release-windows-ix86+x86_64 1.0.11 58.00 240.00 298.00 OK
r-oldrel-macos-x86_64 1.0.11 NOTE
r-oldrel-windows-ix86+x86_64 1.0.11 58.00 252.00 310.00 OK

Check Details

Version: 1.0.11
Check: data for non-ASCII characters
Result: NOTE
     Note: found 1036 marked UTF-8 strings
Flavors: r-devel-linux-x86_64-fedora-clang, r-devel-linux-x86_64-fedora-gcc, r-devel-windows-x86_64-new-TK, r-release-macos-arm64, r-release-macos-x86_64, r-oldrel-macos-x86_64