CRAN Package Check Results for Package recogito

Last updated on 2021-12-03 19:50:23 CET.

Flavor Version Tinstall Tcheck Ttotal Status Flags
r-devel-linux-x86_64-debian-clang 0.1.1 3.26 32.64 35.90 OK
r-devel-linux-x86_64-debian-gcc 0.1.1 2.43 22.39 24.82 OK
r-devel-linux-x86_64-fedora-clang 0.1.1 47.58 NOTE
r-devel-linux-x86_64-fedora-gcc 0.1.1 38.52 OK
r-devel-windows-x86_64-new-UL 0.1.1 8.00 61.00 69.00 OK
r-devel-windows-x86_64-new-TK 0.1.1 OK
r-devel-windows-x86_64-old 0.1.1 6.00 34.00 40.00 OK
r-patched-linux-x86_64 0.1.1 3.40 26.48 29.88 OK
r-release-linux-x86_64 0.1.1 2.74 26.44 29.18 OK
r-release-macos-arm64 0.1.1 OK
r-release-macos-x86_64 0.1.1 OK
r-release-windows-ix86+x86_64 0.1.1 8.00 43.00 51.00 OK
r-oldrel-macos-x86_64 0.1.1 OK
r-oldrel-windows-ix86+x86_64 0.1.1 7.00 42.00 49.00 OK

Check Details

Version: 0.1.1
Check: package dependencies
Result: NOTE
    Package suggested but not available for checking: ‘opencv’
Flavor: r-devel-linux-x86_64-fedora-clang