Last updated on 2023-01-29 19:54:14 CET.
Flavor | Version | Tinstall | Tcheck | Ttotal | Status | Flags |
---|---|---|---|---|---|---|
r-devel-linux-x86_64-debian-clang | 0.5 | 60.31 | 56.50 | 116.81 | OK | |
r-devel-linux-x86_64-debian-gcc | 0.5 | 49.37 | 43.11 | 92.48 | NOTE | |
r-devel-linux-x86_64-fedora-clang | 0.5 | 177.08 | NOTE | |||
r-devel-linux-x86_64-fedora-gcc | 0.5 | 179.60 | NOTE | |||
r-devel-windows-x86_64 | 0.5 | 72.00 | 107.00 | 179.00 | NOTE | |
r-patched-linux-x86_64 | 0.5 | 52.59 | 53.61 | 106.20 | OK | |
r-release-linux-x86_64 | 0.5 | 56.82 | 54.51 | 111.33 | OK | |
r-release-macos-arm64 | 0.5 | 42.00 | OK | |||
r-release-macos-x86_64 | 0.5 | 60.00 | OK | |||
r-release-windows-x86_64 | 0.5 | 140.00 | 111.00 | 251.00 | OK | |
r-oldrel-macos-arm64 | 0.5 | 45.00 | OK | |||
r-oldrel-macos-x86_64 | 0.5 | 56.00 | OK | |||
r-oldrel-windows-ix86+x86_64 | 0.5 | 158.00 | 116.00 | 274.00 | OK |
Version: 0.5
Check: C++ specification
Result: NOTE
Specified C++11: please update to current default of C++17
Flavors: r-devel-linux-x86_64-debian-gcc, r-devel-linux-x86_64-fedora-clang, r-devel-linux-x86_64-fedora-gcc, r-devel-windows-x86_64