Last updated on 2023-01-30 19:54:57 CET.
Flavor | Version | Tinstall | Tcheck | Ttotal | Status | Flags |
---|---|---|---|---|---|---|
r-devel-linux-x86_64-debian-clang | 1.1.2 | 23.56 | 97.07 | 120.63 | OK | |
r-devel-linux-x86_64-debian-gcc | 1.1.2 | 18.65 | 73.79 | 92.44 | NOTE | |
r-devel-linux-x86_64-fedora-clang | 1.1.2 | 154.79 | NOTE | |||
r-devel-linux-x86_64-fedora-gcc | 1.1.2 | 174.29 | NOTE | |||
r-devel-windows-x86_64 | 1.1.2 | 43.00 | 157.00 | 200.00 | NOTE | |
r-patched-linux-x86_64 | 1.1.2 | 21.23 | 94.47 | 115.70 | OK | |
r-release-linux-x86_64 | 1.1.2 | 18.50 | 95.11 | 113.61 | OK | |
r-release-macos-arm64 | 1.1.2 | 37.00 | OK | |||
r-release-macos-x86_64 | 1.1.2 | 60.00 | OK | |||
r-release-windows-x86_64 | 1.1.2 | 39.00 | 158.00 | 197.00 | OK | |
r-oldrel-macos-arm64 | 1.1.2 | 38.00 | OK | |||
r-oldrel-macos-x86_64 | 1.1.2 | 64.00 | OK | |||
r-oldrel-windows-ix86+x86_64 | 1.1.2 | 57.00 | 181.00 | 238.00 | OK |
Version: 1.1.2
Check: C++ specification
Result: NOTE
Specified C++11: please update to current default of C++17
Flavors: r-devel-linux-x86_64-debian-gcc, r-devel-linux-x86_64-fedora-clang, r-devel-linux-x86_64-fedora-gcc, r-devel-windows-x86_64