CRAN Package Check Results for Package redcapAPI

Last updated on 2022-01-20 19:51:06 CET.

Flavor Version Tinstall Tcheck Ttotal Status Flags
r-devel-linux-x86_64-debian-clang 2.3 OK
r-devel-linux-x86_64-debian-gcc 2.3 3.74 33.91 37.65 OK
r-devel-linux-x86_64-fedora-clang 2.3 60.60 NOTE
r-devel-linux-x86_64-fedora-gcc 2.3 49.26 NOTE
r-devel-windows-x86_64-new-UL 2.3 107.00 63.00 170.00 OK
r-devel-windows-x86_64-new-TK 2.3 NOTE
r-patched-linux-x86_64 2.3 6.27 42.21 48.48 OK
r-release-linux-x86_64 2.3 3.87 42.20 46.07 OK
r-release-macos-arm64 2.3 NOTE
r-release-macos-x86_64 2.3 NOTE
r-release-windows-ix86+x86_64 2.3 11.00 48.00 59.00 OK
r-oldrel-macos-x86_64 2.3 NOTE
r-oldrel-windows-ix86+x86_64 2.3 10.00 50.00 60.00 OK

Check Details

Version: 2.3
Check: dependencies in R code
Result: NOTE
    Namespaces in Imports field not imported from:
     ‘DBI’ ‘readr’
     All declared Imports should be used.
Flavors: r-devel-linux-x86_64-fedora-clang, r-devel-linux-x86_64-fedora-gcc, r-devel-windows-x86_64-new-TK, r-release-macos-arm64, r-release-macos-x86_64, r-oldrel-macos-x86_64