CRAN Package Check Results for Package redist

Last updated on 2022-01-17 19:49:45 CET.

Flavor Version Tinstall Tcheck Ttotal Status Flags
r-devel-linux-x86_64-debian-clang 3.1.5 453.98 374.30 828.28 OK
r-devel-linux-x86_64-debian-gcc 3.1.5 345.12 271.54 616.66 OK
r-devel-linux-x86_64-fedora-clang 3.1.5 1251.95 NOTE
r-devel-linux-x86_64-fedora-gcc 3.1.5 1149.27 OK
r-devel-windows-x86_64-new-UL 3.1.5 509.00 484.00 993.00 NOTE
r-devel-windows-x86_64-new-TK 3.1.5 OK
r-patched-linux-x86_64 3.1.5 368.51 360.88 729.39 OK
r-release-linux-x86_64 3.1.5 OK
r-release-macos-arm64 3.1.5 NOTE
r-release-macos-x86_64 3.1.5 NOTE
r-release-windows-ix86+x86_64 3.1.5 1130.00 609.00 1739.00 NOTE
r-oldrel-macos-x86_64 3.1.5 NOTE
r-oldrel-windows-ix86+x86_64 3.1.5 1126.00 606.00 1732.00 NOTE

Check Details

Version: 3.1.5
Check: installed package size
Result: NOTE
     installed size is 17.9Mb
     sub-directories of 1Mb or more:
     libs 14.2Mb
Flavors: r-devel-linux-x86_64-fedora-clang, r-devel-windows-x86_64-new-UL, r-release-macos-arm64, r-release-macos-x86_64, r-release-windows-ix86+x86_64, r-oldrel-macos-x86_64, r-oldrel-windows-ix86+x86_64

Version: 3.1.5
Check: package dependencies
Result: NOTE
    Package suggested but not available for checking: ‘Rmpi’
Flavors: r-release-macos-arm64, r-release-macos-x86_64, r-oldrel-macos-x86_64