Last updated on 2023-02-07 19:58:20 CET.
Flavor | Version | Tinstall | Tcheck | Ttotal | Status | Flags |
---|---|---|---|---|---|---|
r-devel-linux-x86_64-debian-clang | 1.0.2 | 130.60 | 89.20 | 219.80 | NOTE | |
r-devel-linux-x86_64-debian-gcc | 1.0.2 | 96.81 | 68.33 | 165.14 | NOTE | |
r-devel-linux-x86_64-fedora-clang | 1.0.2 | 314.41 | NOTE | |||
r-devel-linux-x86_64-fedora-gcc | 1.0.2 | 306.63 | NOTE | |||
r-devel-windows-x86_64 | 1.0.2 | 178.00 | 170.00 | 348.00 | NOTE | |
r-patched-linux-x86_64 | 1.0.2 | 101.34 | 85.93 | 187.27 | OK | |
r-release-linux-x86_64 | 1.0.2 | 100.69 | 77.45 | 178.14 | OK | |
r-release-macos-arm64 | 1.0.2 | 78.00 | OK | |||
r-release-macos-x86_64 | 1.0.2 | 123.00 | OK | |||
r-release-windows-x86_64 | 1.0.2 | 299.00 | 165.00 | 464.00 | OK | |
r-oldrel-macos-arm64 | 1.0.2 | 62.00 | OK | |||
r-oldrel-macos-x86_64 | 1.0.2 | 103.00 | OK | |||
r-oldrel-windows-ix86+x86_64 | 1.0.2 | 303.00 | 188.00 | 491.00 | OK |
Version: 1.0.2
Check: C++ specification
Result: NOTE
Specified C++11: please update to current default of C++17
Flavors: r-devel-linux-x86_64-debian-clang, r-devel-linux-x86_64-debian-gcc, r-devel-linux-x86_64-fedora-clang, r-devel-windows-x86_64
Version: 1.0.2
Check: C++ specification
Result: NOTE
Specified C++11: please drop specification unless essential
Flavor: r-devel-linux-x86_64-fedora-gcc