Last updated on 2022-08-11 21:50:14 CEST.
Flavor | Version | Tinstall | Tcheck | Ttotal | Status | Flags |
---|---|---|---|---|---|---|
r-devel-linux-x86_64-debian-clang | 1.0.17-16 | 11.72 | 78.25 | 89.97 | OK | |
r-devel-linux-x86_64-debian-gcc | 1.0.17-16 | 11.95 | 59.53 | 71.48 | OK | |
r-devel-linux-x86_64-fedora-clang | 1.0.17-16 | 117.69 | OK | |||
r-devel-linux-x86_64-fedora-gcc | 1.0.17-16 | 115.93 | OK | |||
r-devel-windows-x86_64 | 1.0.17-16 | 183.00 | 138.00 | 321.00 | OK | |
r-patched-linux-x86_64 | 1.0.17-16 | 15.87 | 73.32 | 89.19 | OK | |
r-release-linux-x86_64 | 1.0.17-16 | 11.91 | 74.00 | 85.91 | OK | |
r-release-macos-arm64 | 1.0.17-16 | 38.00 | OK | |||
r-release-macos-x86_64 | 1.0.17-16 | 50.00 | OK | |||
r-release-windows-x86_64 | 1.0.17-16 | 139.00 | 139.00 | 278.00 | OK | |
r-oldrel-macos-arm64 | 1.0.17-16 | 36.00 | NOTE | |||
r-oldrel-macos-x86_64 | 1.0.17-16 | 50.00 | OK | |||
r-oldrel-windows-ix86+x86_64 | 1.0.17-16 | 36.00 | 143.00 | 179.00 | NOTE |
Version: 1.0.17-16
Check: installed package size
Result: NOTE
installed size is 7.7Mb
sub-directories of 1Mb or more:
libs 6.7Mb
Flavors: r-oldrel-macos-arm64, r-oldrel-windows-ix86+x86_64