CRAN Package Check Results for Package redoc

Last updated on 2021-11-29 19:51:41 CET.

Flavor Version Tinstall Tcheck Ttotal Status Flags
r-devel-linux-x86_64-debian-clang 2.0.0.49 2.15 18.80 20.95 NOTE
r-devel-linux-x86_64-debian-gcc 2.0.0.49 1.57 15.43 17.00 NOTE
r-devel-linux-x86_64-fedora-clang 2.0.0.49 36.82 NOTE
r-devel-linux-x86_64-fedora-gcc 2.0.0.49 26.22 NOTE
r-devel-windows-x86_64-new-UL 2.0.0.49 8.00 51.00 59.00 NOTE
r-devel-windows-x86_64-new-TK 2.0.0.49 NOTE
r-devel-windows-x86_64-old 2.0.0.49 4.00 26.00 30.00 NOTE
r-patched-linux-x86_64 2.0.0.49 1.71 18.60 20.31 NOTE
r-patched-solaris-x86 2.0.0.49 42.20 NOTE
r-release-linux-x86_64 2.0.0.49 2.05 18.54 20.59 NOTE
r-release-macos-arm64 2.0.0.49 NOTE
r-release-macos-x86_64 2.0.0.49 NOTE
r-release-windows-ix86+x86_64 2.0.0.49 5.00 29.00 34.00 NOTE
r-oldrel-macos-x86_64 2.0.0.49 OK
r-oldrel-windows-ix86+x86_64 2.0.0.49 4.00 27.00 31.00 OK

Check Details

Version: 2.0.0.49
Check: LazyData
Result: NOTE
     'LazyData' is specified without a 'data' directory
Flavors: r-devel-linux-x86_64-debian-clang, r-devel-linux-x86_64-debian-gcc, r-devel-linux-x86_64-fedora-clang, r-devel-linux-x86_64-fedora-gcc, r-devel-windows-x86_64-new-UL, r-devel-windows-x86_64-new-TK, r-devel-windows-x86_64-old, r-patched-linux-x86_64, r-patched-solaris-x86, r-release-linux-x86_64, r-release-macos-arm64, r-release-macos-x86_64, r-release-windows-ix86+x86_64