Last updated on 2023-12-07 19:58:41 CET.
Flavor | Version | Tinstall | Tcheck | Ttotal | Status | Flags |
---|---|---|---|---|---|---|
r-devel-linux-x86_64-debian-clang | 1.3.0 | 5.41 | 61.44 | 66.85 | NOTE | |
r-devel-linux-x86_64-debian-gcc | 1.3.0 | 4.35 | 48.88 | 53.23 | NOTE | |
r-devel-linux-x86_64-fedora-clang | 1.3.0 | 86.22 | NOTE | |||
r-devel-linux-x86_64-fedora-gcc | 1.3.0 | 81.88 | NOTE | |||
r-devel-windows-x86_64 | 1.3.0 | 7.00 | 70.00 | 77.00 | NOTE | |
r-patched-linux-x86_64 | 1.3.0 | 6.29 | 61.56 | 67.85 | OK | |
r-release-linux-x86_64 | 1.3.0 | 6.50 | 61.67 | 68.17 | OK | |
r-release-macos-arm64 | 1.3.0 | 30.00 | OK | |||
r-release-macos-x86_64 | 1.3.0 | 56.00 | OK | |||
r-release-windows-x86_64 | 1.3.0 | 8.00 | 77.00 | 85.00 | OK | |
r-oldrel-macos-arm64 | 1.3.0 | 38.00 | OK | |||
r-oldrel-macos-x86_64 | 1.3.0 | 53.00 | OK | |||
r-oldrel-windows-x86_64 | 1.3.0 | 8.00 | 81.00 | 89.00 | OK |
Version: 1.3.0
Check: Rd contents
Result: NOTE
Auto-generated content requiring editing in Rd file 'referenceIntervals-package.Rd':
\references: ‘~~ Literature or other references for background information ~~’
Flavors: r-devel-linux-x86_64-debian-clang, r-devel-linux-x86_64-debian-gcc, r-devel-linux-x86_64-fedora-clang, r-devel-linux-x86_64-fedora-gcc, r-devel-windows-x86_64