CRAN Package Check Results for Package rehydratoR

Last updated on 2024-06-15 22:20:51 CEST.

Flavor Version Tinstall Tcheck Ttotal Status Flags
r-devel-linux-x86_64-debian-clang 0.5.2 3.58 37.98 41.56 NOTE
r-devel-linux-x86_64-debian-gcc 0.5.2 3.87 29.30 33.17 NOTE
r-devel-linux-x86_64-fedora-clang 0.5.2 54.62 NOTE
r-devel-linux-x86_64-fedora-gcc 0.5.2 50.92 NOTE
r-devel-windows-x86_64 0.5.2 5.00 49.00 54.00 NOTE
r-patched-linux-x86_64 0.5.2 4.40 36.18 40.58 NOTE
r-release-linux-x86_64 0.5.2 4.92 37.62 42.54 NOTE
r-release-macos-arm64 0.5.2 20.00 NOTE
r-release-macos-x86_64 0.5.2 29.00 NOTE
r-release-windows-x86_64 0.5.2 6.00 50.00 56.00 NOTE
r-oldrel-macos-arm64 0.5.2 20.00 NOTE
r-oldrel-macos-x86_64 0.5.2 29.00 NOTE
r-oldrel-windows-x86_64 0.5.2 6.00 55.00 61.00 NOTE

Check Details

Version: 0.5.2
Check: LazyData
Result: NOTE 'LazyData' is specified without a 'data' directory Flavors: r-devel-linux-x86_64-debian-clang, r-devel-linux-x86_64-debian-gcc, r-devel-linux-x86_64-fedora-clang, r-devel-linux-x86_64-fedora-gcc, r-devel-windows-x86_64, r-patched-linux-x86_64, r-release-linux-x86_64, r-release-macos-arm64, r-release-macos-x86_64, r-release-windows-x86_64, r-oldrel-macos-arm64, r-oldrel-macos-x86_64, r-oldrel-windows-x86_64