CRAN Package Check Results for Package relaimpo

Last updated on 2023-01-29 19:54:15 CET.

Flavor Version Tinstall Tcheck Ttotal Status Flags
r-devel-linux-x86_64-debian-clang 2.2-6 17.67 115.93 133.60 NOTE
r-devel-linux-x86_64-debian-gcc 2.2-6 14.02 86.65 100.67 NOTE
r-devel-linux-x86_64-fedora-clang 2.2-6 160.19 NOTE
r-devel-linux-x86_64-fedora-gcc 2.2-6 164.12 NOTE
r-devel-windows-x86_64 2.2-6 30.00 142.00 172.00 NOTE
r-patched-linux-x86_64 2.2-6 18.40 109.22 127.62 OK
r-release-linux-x86_64 2.2-6 15.33 108.24 123.57 OK
r-release-macos-arm64 2.2-6 43.00 OK
r-release-macos-x86_64 2.2-6 59.00 OK
r-release-windows-x86_64 2.2-6 35.00 136.00 171.00 OK
r-oldrel-macos-arm64 2.2-6 51.00 OK
r-oldrel-macos-x86_64 2.2-6 57.00 OK
r-oldrel-windows-ix86+x86_64 2.2-6 34.00 130.00 164.00 OK

Check Details

Version: 2.2-6
Check: Rd files
Result: NOTE
    checkRd: (-1) calc.relimp.Rd:41: Escaped LaTeX specials: \~
    checkRd: (-1) classesmethods.relaimpo.Rd:27: Escaped LaTeX specials: \$
    checkRd: (-1) classesmethods.relaimpo.Rd:104: Escaped LaTeX specials: \$
    checkRd: (-1) mianalyze.relimp.Rd:69: Escaped LaTeX specials: \~
    checkRd: (-1) mianalyze.relimp.Rd:73: Escaped LaTeX specials: \~
    checkRd: (-1) relimplm-class.Rd:63: Escaped LaTeX specials: \$
    checkRd: (-1) relimplmbootMI-class.Rd:121: Escaped LaTeX specials: \$
    checkRd: (-1) relimplmbooteval-class.Rd:146: Escaped LaTeX specials: \$
Flavors: r-devel-linux-x86_64-debian-clang, r-devel-linux-x86_64-debian-gcc, r-devel-linux-x86_64-fedora-clang, r-devel-linux-x86_64-fedora-gcc, r-devel-windows-x86_64