Last updated on 2023-09-26 23:04:23 CEST.
Flavor | Version | Tinstall | Tcheck | Ttotal | Status | Flags |
---|---|---|---|---|---|---|
r-devel-linux-x86_64-debian-clang | 2.2-6 | 16.63 | 122.45 | 139.08 | NOTE | |
r-devel-linux-x86_64-debian-gcc | 2.2-6 | 15.05 | 90.13 | 105.18 | NOTE | |
r-devel-linux-x86_64-fedora-clang | 2.2-6 | 179.61 | NOTE | |||
r-devel-linux-x86_64-fedora-gcc | 2.2-6 | 164.43 | NOTE | |||
r-devel-windows-x86_64 | 2.2-6 | 15.00 | 100.00 | 115.00 | NOTE | |
r-patched-linux-x86_64 | 2.2-6 | 20.19 | 116.23 | 136.42 | NOTE | |
r-release-linux-x86_64 | 2.2-6 | 16.96 | 116.85 | 133.81 | NOTE | |
r-release-macos-arm64 | 2.2-6 | 51.00 | NOTE | |||
r-release-macos-x86_64 | 2.2-6 | 84.00 | NOTE | |||
r-release-windows-x86_64 | 2.2-6 | 19.00 | 120.00 | 139.00 | NOTE | |
r-oldrel-macos-arm64 | 2.2-6 | 43.00 | OK | |||
r-oldrel-macos-x86_64 | 2.2-6 | 59.00 | OK | |||
r-oldrel-windows-x86_64 | 2.2-6 | 21.00 | 122.00 | 143.00 | OK |
Version: 2.2-6
Check: Rd files
Result: NOTE
checkRd: (-1) calc.relimp.Rd:41: Escaped LaTeX specials: \~
checkRd: (-1) classesmethods.relaimpo.Rd:27: Escaped LaTeX specials: \$
checkRd: (-1) classesmethods.relaimpo.Rd:104: Escaped LaTeX specials: \$
checkRd: (-1) mianalyze.relimp.Rd:69: Escaped LaTeX specials: \~
checkRd: (-1) mianalyze.relimp.Rd:73: Escaped LaTeX specials: \~
checkRd: (-1) relimplm-class.Rd:63: Escaped LaTeX specials: \$
checkRd: (-1) relimplmbootMI-class.Rd:121: Escaped LaTeX specials: \$
checkRd: (-1) relimplmbooteval-class.Rd:146: Escaped LaTeX specials: \$
Flavors: r-devel-linux-x86_64-debian-clang, r-devel-linux-x86_64-debian-gcc, r-devel-linux-x86_64-fedora-clang, r-devel-linux-x86_64-fedora-gcc, r-devel-windows-x86_64, r-patched-linux-x86_64, r-release-linux-x86_64, r-release-macos-arm64, r-release-macos-x86_64, r-release-windows-x86_64