Last updated on 2023-02-07 19:58:20 CET.
Flavor | Version | Tinstall | Tcheck | Ttotal | Status | Flags |
---|---|---|---|---|---|---|
r-devel-linux-x86_64-debian-clang | 0.1.7 | 3.69 | 36.58 | 40.27 | NOTE | |
r-devel-linux-x86_64-debian-gcc | 0.1.7 | 2.43 | 27.80 | 30.23 | NOTE | |
r-devel-linux-x86_64-fedora-clang | 0.1.7 | 50.85 | NOTE | |||
r-devel-linux-x86_64-fedora-gcc | 0.1.7 | 50.89 | NOTE | |||
r-devel-windows-x86_64 | 0.1.7 | 24.00 | 69.00 | 93.00 | NOTE | |
r-patched-linux-x86_64 | 0.1.7 | 3.73 | 36.32 | 40.05 | NOTE | |
r-release-linux-x86_64 | 0.1.7 | 2.75 | 35.18 | 37.93 | NOTE | |
r-release-macos-arm64 | 0.1.7 | 21.00 | NOTE | |||
r-release-macos-x86_64 | 0.1.7 | 29.00 | NOTE | |||
r-release-windows-x86_64 | 0.1.7 | 21.00 | 64.00 | 85.00 | NOTE | |
r-oldrel-macos-arm64 | 0.1.7 | 23.00 | NOTE | |||
r-oldrel-macos-x86_64 | 0.1.7 | 31.00 | NOTE | |||
r-oldrel-windows-ix86+x86_64 | 0.1.7 | 10.00 | 57.00 | 67.00 | NOTE |
Version: 0.1.7
Check: LazyData
Result: NOTE
'LazyData' is specified without a 'data' directory
Flavors: r-devel-linux-x86_64-debian-clang, r-devel-linux-x86_64-debian-gcc, r-devel-linux-x86_64-fedora-clang, r-devel-linux-x86_64-fedora-gcc, r-devel-windows-x86_64, r-patched-linux-x86_64, r-release-linux-x86_64, r-release-macos-arm64, r-release-macos-x86_64, r-release-windows-x86_64, r-oldrel-macos-arm64, r-oldrel-macos-x86_64, r-oldrel-windows-ix86+x86_64