Last updated on 2021-04-20 21:51:51 CEST.
Flavor | Version | Tinstall | Tcheck | Ttotal | Status | Flags |
---|---|---|---|---|---|---|
r-devel-linux-x86_64-debian-clang | 1.1.3 | 4.74 | 43.82 | 48.56 | NOTE | |
r-devel-linux-x86_64-debian-gcc | 1.1.3 | 3.76 | 33.75 | 37.51 | NOTE | |
r-devel-linux-x86_64-fedora-clang | 1.1.3 | 66.70 | NOTE | |||
r-devel-linux-x86_64-fedora-gcc | 1.1.3 | 108.77 | NOTE | |||
r-devel-windows-ix86+x86_64 | 1.1.3 | 9.00 | 47.00 | 56.00 | NOTE | |
r-devel-windows-x86_64-gcc10-UCRT | 1.1.3 | NOTE | ||||
r-patched-linux-x86_64 | 1.1.3 | 4.92 | 41.36 | 46.28 | WARN | |
r-patched-solaris-x86 | 1.1.3 | 82.20 | OK | |||
r-release-linux-x86_64 | 1.1.3 | 3.81 | 41.97 | 45.78 | OK | |
r-release-macos-x86_64 | 1.1.3 | OK | ||||
r-release-windows-ix86+x86_64 | 1.1.3 | 9.00 | 65.00 | 74.00 | OK | |
r-oldrel-macos-x86_64 | 1.1.3 | OK | ||||
r-oldrel-windows-ix86+x86_64 | 1.1.3 | 17.00 | 60.00 | 77.00 | OK |
Version: 1.1.3
Check: LazyData
Result: NOTE
'LazyData' is specified without a 'data' directory
Flavors: r-devel-linux-x86_64-debian-clang, r-devel-linux-x86_64-debian-gcc, r-devel-linux-x86_64-fedora-clang, r-devel-linux-x86_64-fedora-gcc, r-devel-windows-ix86+x86_64, r-devel-windows-x86_64-gcc10-UCRT
Version: 1.1.3
Check: Rd cross-references
Result: NOTE
Undeclared package ‘ggplot2’ in Rd xrefs
Flavor: r-devel-linux-x86_64-fedora-clang
Version: 1.1.3
Check: whether package can be installed
Result: WARN
Found the following significant warnings:
Rd warning: /tmp/RtmpkOSM1J/R.INSTALL873658e0dbe/repr/man/repr-options.Rd:15: file link ‘getOption’ in package ‘base’ does not exist and so has been treated as a topic
Flavor: r-patched-linux-x86_64