CRAN Package Check Results for Package repr

Last updated on 2021-12-01 19:51:47 CET.

Flavor Version Tinstall Tcheck Ttotal Status Flags
r-devel-linux-x86_64-debian-clang 1.1.3 5.08 42.55 47.63 NOTE
r-devel-linux-x86_64-debian-gcc 1.1.3 3.50 32.89 36.39 NOTE
r-devel-linux-x86_64-fedora-clang 1.1.3 66.27 NOTE
r-devel-linux-x86_64-fedora-gcc 1.1.3 113.62 NOTE
r-devel-windows-x86_64-new-UL 1.1.3 15.00 82.00 97.00 NOTE
r-devel-windows-x86_64-new-TK 1.1.3 NOTE
r-devel-windows-x86_64-old 1.1.3 8.00 51.00 59.00 NOTE
r-patched-linux-x86_64 1.1.3 4.90 39.51 44.41 NOTE
r-patched-solaris-x86 1.1.3 85.50 NOTE
r-release-linux-x86_64 1.1.3 4.67 39.65 44.32 NOTE
r-release-macos-arm64 1.1.3 NOTE
r-release-macos-x86_64 1.1.3 NOTE
r-release-windows-ix86+x86_64 1.1.3 9.00 47.00 56.00 NOTE
r-oldrel-macos-x86_64 1.1.3 OK
r-oldrel-windows-ix86+x86_64 1.1.3 6.00 48.00 54.00 OK

Check Details

Version: 1.1.3
Check: LazyData
Result: NOTE
     'LazyData' is specified without a 'data' directory
Flavors: r-devel-linux-x86_64-debian-clang, r-devel-linux-x86_64-debian-gcc, r-devel-linux-x86_64-fedora-clang, r-devel-linux-x86_64-fedora-gcc, r-devel-windows-x86_64-new-UL, r-devel-windows-x86_64-new-TK, r-devel-windows-x86_64-old, r-patched-linux-x86_64, r-patched-solaris-x86, r-release-linux-x86_64, r-release-macos-arm64, r-release-macos-x86_64, r-release-windows-ix86+x86_64

Version: 1.1.3
Check: Rd cross-references
Result: NOTE
    Undeclared package ‘ggplot2’ in Rd xrefs
Flavor: r-devel-linux-x86_64-fedora-clang