CRAN Package Check Results for Package reproj

Last updated on 2022-01-27 19:51:11 CET.

Flavor Version Tinstall Tcheck Ttotal Status Flags
r-devel-linux-x86_64-debian-clang 0.4.2 2.08 33.72 35.80 NOTE
r-devel-linux-x86_64-debian-gcc 0.4.2 1.68 26.09 27.77 NOTE
r-devel-linux-x86_64-fedora-clang 0.4.2 43.31 NOTE
r-devel-linux-x86_64-fedora-gcc 0.4.2 31.87 NOTE
r-devel-windows-x86_64-new-UL 0.4.2 21.00 51.00 72.00 NOTE
r-devel-windows-x86_64-new-TK 0.4.2 NOTE
r-patched-linux-x86_64 0.4.2 1.60 32.10 33.70 NOTE
r-release-linux-x86_64 0.4.2 2.10 32.06 34.16 NOTE
r-release-macos-arm64 0.4.2 NOTE
r-release-macos-x86_64 0.4.2 NOTE
r-release-windows-ix86+x86_64 0.4.2 5.00 39.00 44.00 NOTE
r-oldrel-macos-x86_64 0.4.2 OK
r-oldrel-windows-ix86+x86_64 0.4.2 5.00 40.00 45.00 OK

Check Details

Version: 0.4.2
Check: LazyData
Result: NOTE
     'LazyData' is specified without a 'data' directory
Flavors: r-devel-linux-x86_64-debian-clang, r-devel-linux-x86_64-debian-gcc, r-devel-linux-x86_64-fedora-clang, r-devel-linux-x86_64-fedora-gcc, r-devel-windows-x86_64-new-UL, r-devel-windows-x86_64-new-TK, r-patched-linux-x86_64, r-release-linux-x86_64, r-release-macos-arm64, r-release-macos-x86_64, r-release-windows-ix86+x86_64