CRAN Package Check Results for Package resemble

Last updated on 2023-01-29 19:54:15 CET.

Flavor Version Tinstall Tcheck Ttotal Status Flags
r-devel-linux-x86_64-debian-clang 2.2.1 75.51 339.75 415.26 OK
r-devel-linux-x86_64-debian-gcc 2.2.1 67.24 264.71 331.95 NOTE
r-devel-linux-x86_64-fedora-clang 2.2.1 524.75 NOTE
r-devel-linux-x86_64-fedora-gcc 2.2.1 552.21 NOTE
r-devel-windows-x86_64 2.2.1 117.00 428.00 545.00 NOTE
r-patched-linux-x86_64 2.2.1 75.19 321.51 396.70 OK
r-release-linux-x86_64 2.2.1 60.83 319.36 380.19 OK
r-release-macos-arm64 2.2.1 206.00 NOTE
r-release-macos-x86_64 2.2.1 226.00 NOTE
r-release-windows-x86_64 2.2.1 89.00 409.00 498.00 OK
r-oldrel-macos-arm64 2.2.1 173.00 NOTE
r-oldrel-macos-x86_64 2.2.1 229.00 NOTE
r-oldrel-windows-ix86+x86_64 2.2.1 184.00 530.00 714.00 NOTE

Check Details

Version: 2.2.1
Check: C++ specification
Result: NOTE
     Specified C++11: please update to current default of C++17
Flavors: r-devel-linux-x86_64-debian-gcc, r-devel-linux-x86_64-fedora-clang, r-devel-linux-x86_64-fedora-gcc, r-devel-windows-x86_64

Version: 2.2.1
Check: installed package size
Result: NOTE
     installed size is 8.8Mb
     sub-directories of 1Mb or more:
     doc 1.6Mb
     libs 6.6Mb
Flavors: r-release-macos-arm64, r-release-macos-x86_64, r-oldrel-macos-arm64, r-oldrel-macos-x86_64, r-oldrel-windows-ix86+x86_64