CRAN Package Check Results for Package reshape

Last updated on 2022-11-30 19:53:37 CET.

Flavor Version Tinstall Tcheck Ttotal Status Flags
r-devel-linux-x86_64-debian-clang 0.8.9 4.74 40.40 45.14 NOTE
r-devel-linux-x86_64-debian-gcc 0.8.9 3.21 31.73 34.94 NOTE
r-devel-linux-x86_64-fedora-clang 0.8.9 68.06 NOTE
r-devel-linux-x86_64-fedora-gcc 0.8.9 64.97 NOTE
r-devel-windows-x86_64 0.8.9 41.00 76.00 117.00 NOTE
r-patched-linux-x86_64 0.8.9 3.80 38.03 41.83 OK
r-release-linux-x86_64 0.8.9 4.07 38.01 42.08 OK
r-release-macos-arm64 0.8.9 21.00 OK
r-release-macos-x86_64 0.8.9 30.00 OK
r-release-windows-x86_64 0.8.9 35.00 76.00 111.00 OK
r-oldrel-macos-arm64 0.8.9 25.00 OK
r-oldrel-macos-x86_64 0.8.9 28.00 OK
r-oldrel-windows-ix86+x86_64 0.8.9 10.00 63.00 73.00 OK

Check Details

Version: 0.8.9
Check: Rd files
Result: NOTE
    checkRd: (-1) as-data-frame-cast-df-v7.rd:3: Escaped LaTeX specials: \_
    checkRd: (-1) as-data-frame-cast-matrix-59.rd:3: Escaped LaTeX specials: \_
    checkRd: (-1) as-matrix-cast-df-bu.rd:3: Escaped LaTeX specials: \_
    checkRd: (-1) as-matrix-cast-matrix-2y.rd:3: Escaped LaTeX specials: \_
    checkRd: (-1) cast-9g.rd:19: Escaped LaTeX specials: \_ \_
    checkRd: (-1) cast-9g.rd:41: Escaped LaTeX specials: \_
    checkRd: (-1) cast-9g.rd:46: Escaped LaTeX specials: \_ \_
    checkRd: (-1) clean-vars-rc.rd:13: Escaped LaTeX specials: \_
    checkRd: (-1) expand-kx.rd:15: Escaped LaTeX specials: \_
    checkRd: (-1) reshape-4u.rd:17: Escaped LaTeX specials: \_ \_
Flavors: r-devel-linux-x86_64-debian-clang, r-devel-linux-x86_64-debian-gcc, r-devel-linux-x86_64-fedora-clang, r-devel-linux-x86_64-fedora-gcc, r-devel-windows-x86_64